{"id":1279,"date":"2021-07-13T12:12:48","date_gmt":"2021-07-13T10:12:48","guid":{"rendered":"http:\/\/www.moderneducation.eu\/?page_id=1279"},"modified":"2021-07-13T12:12:48","modified_gmt":"2021-07-13T10:12:48","slug":"czwarty-dzien-wymiany-2","status":"publish","type":"page","link":"https:\/\/www.moderneducation.eu\/?page_id=1279","title":{"rendered":"Czwarty dzie\u0144 Wymiany"},"content":{"rendered":"<div id=\"dslc-theme-content\"><div id=\"dslc-theme-content-inner\"><div class=\"post-entry\">\n<div class=\"entry-content\">\n<p>Temat spotkania to \u201eDziedzictwo kulturowe Litwy\u201d.<br \/>\nZostali\u015bmy wirtualnie oprowadzeni po wa\u017cnych kulturowo, krajobrazowo, historycznie miejscach na Litwie. Poznali\u015bmy miejsca szczeg\u00f3lnie bliskie kolegom i kole\u017cankom z projektu, kt\u00f3rzy zamieszkuj\u0105 region Vilnius i Trakai. Na podstawie filmu i prezentacji udzielali\u015bmy odpowiedzi na pytania poprzez Kahoot i prawda lub fa\u0142sz. Vilnius jest pi\u0119knym i z pewno\u015bci\u0105 wartym odwiedzenia miastem.<\/p>\n<p><img fetchpriority=\"high\" decoding=\"async\" class=\"alignnone size-full wp-image-1280\" src=\"http:\/\/www.moderneducation.eu\/wp-content\/uploads\/2021\/07\/5CB40B88-80D9-4B99-ACC9-4E6CFB766071-2048x1009.jpeg\" alt=\"\" width=\"2048\" height=\"1009\" srcset=\"https:\/\/www.moderneducation.eu\/wp-content\/uploads\/2021\/07\/5CB40B88-80D9-4B99-ACC9-4E6CFB766071-2048x1009.jpeg 2048w, https:\/\/www.moderneducation.eu\/wp-content\/uploads\/2021\/07\/5CB40B88-80D9-4B99-ACC9-4E6CFB766071-2048x1009-300x148.jpeg 300w, https:\/\/www.moderneducation.eu\/wp-content\/uploads\/2021\/07\/5CB40B88-80D9-4B99-ACC9-4E6CFB766071-2048x1009-768x378.jpeg 768w, https:\/\/www.moderneducation.eu\/wp-content\/uploads\/2021\/07\/5CB40B88-80D9-4B99-ACC9-4E6CFB766071-2048x1009-1024x505.jpeg 1024w\" sizes=\"(max-width: 2048px) 100vw, 2048px\" \/> <img decoding=\"async\" class=\"alignnone size-full wp-image-1281\" src=\"http:\/\/www.moderneducation.eu\/wp-content\/uploads\/2021\/07\/57F701D9-F8DA-4C8B-9C1C-80F80D0A43A6-2048x1002.jpeg\" alt=\"\" width=\"2048\" height=\"1002\" srcset=\"https:\/\/www.moderneducation.eu\/wp-content\/uploads\/2021\/07\/57F701D9-F8DA-4C8B-9C1C-80F80D0A43A6-2048x1002.jpeg 2048w, https:\/\/www.moderneducation.eu\/wp-content\/uploads\/2021\/07\/57F701D9-F8DA-4C8B-9C1C-80F80D0A43A6-2048x1002-300x147.jpeg 300w, https:\/\/www.moderneducation.eu\/wp-content\/uploads\/2021\/07\/57F701D9-F8DA-4C8B-9C1C-80F80D0A43A6-2048x1002-768x376.jpeg 768w, https:\/\/www.moderneducation.eu\/wp-content\/uploads\/2021\/07\/57F701D9-F8DA-4C8B-9C1C-80F80D0A43A6-2048x1002-1024x501.jpeg 1024w\" sizes=\"(max-width: 2048px) 100vw, 2048px\" \/> <img decoding=\"async\" class=\"alignnone size-full wp-image-1282\" src=\"http:\/\/www.moderneducation.eu\/wp-content\/uploads\/2021\/07\/057FCA82-11FA-4A7D-9A0E-4151CA0174D9-2048x1017.jpeg\" alt=\"\" width=\"2048\" height=\"1017\" srcset=\"https:\/\/www.moderneducation.eu\/wp-content\/uploads\/2021\/07\/057FCA82-11FA-4A7D-9A0E-4151CA0174D9-2048x1017.jpeg 2048w, https:\/\/www.moderneducation.eu\/wp-content\/uploads\/2021\/07\/057FCA82-11FA-4A7D-9A0E-4151CA0174D9-2048x1017-300x149.jpeg 300w, https:\/\/www.moderneducation.eu\/wp-content\/uploads\/2021\/07\/057FCA82-11FA-4A7D-9A0E-4151CA0174D9-2048x1017-768x381.jpeg 768w, https:\/\/www.moderneducation.eu\/wp-content\/uploads\/2021\/07\/057FCA82-11FA-4A7D-9A0E-4151CA0174D9-2048x1017-1024x509.jpeg 1024w\" sizes=\"(max-width: 2048px) 100vw, 2048px\" \/> <img loading=\"lazy\" decoding=\"async\" class=\"alignnone size-full wp-image-1283\" src=\"http:\/\/www.moderneducation.eu\/wp-content\/uploads\/2021\/07\/80B02A45-8926-47DD-9C14-CF5462AC5C0B-2048x1015.jpeg\" alt=\"\" width=\"2048\" height=\"1015\" srcset=\"https:\/\/www.moderneducation.eu\/wp-content\/uploads\/2021\/07\/80B02A45-8926-47DD-9C14-CF5462AC5C0B-2048x1015.jpeg 2048w, https:\/\/www.moderneducation.eu\/wp-content\/uploads\/2021\/07\/80B02A45-8926-47DD-9C14-CF5462AC5C0B-2048x1015-300x149.jpeg 300w, https:\/\/www.moderneducation.eu\/wp-content\/uploads\/2021\/07\/80B02A45-8926-47DD-9C14-CF5462AC5C0B-2048x1015-768x381.jpeg 768w, https:\/\/www.moderneducation.eu\/wp-content\/uploads\/2021\/07\/80B02A45-8926-47DD-9C14-CF5462AC5C0B-2048x1015-1024x508.jpeg 1024w\" sizes=\"(max-width: 2048px) 100vw, 2048px\" \/> <img loading=\"lazy\" decoding=\"async\" class=\"alignnone size-full wp-image-1284\" src=\"http:\/\/www.moderneducation.eu\/wp-content\/uploads\/2021\/07\/1365CD46-9FD4-4700-95F4-CEE11643088E-2048x1009.jpeg\" alt=\"\" width=\"2048\" height=\"1009\" srcset=\"https:\/\/www.moderneducation.eu\/wp-content\/uploads\/2021\/07\/1365CD46-9FD4-4700-95F4-CEE11643088E-2048x1009.jpeg 2048w, https:\/\/www.moderneducation.eu\/wp-content\/uploads\/2021\/07\/1365CD46-9FD4-4700-95F4-CEE11643088E-2048x1009-300x148.jpeg 300w, https:\/\/www.moderneducation.eu\/wp-content\/uploads\/2021\/07\/1365CD46-9FD4-4700-95F4-CEE11643088E-2048x1009-768x378.jpeg 768w, https:\/\/www.moderneducation.eu\/wp-content\/uploads\/2021\/07\/1365CD46-9FD4-4700-95F4-CEE11643088E-2048x1009-1024x505.jpeg 1024w\" sizes=\"(max-width: 2048px) 100vw, 2048px\" \/> <img loading=\"lazy\" decoding=\"async\" class=\"alignnone size-full wp-image-1285\" src=\"http:\/\/www.moderneducation.eu\/wp-content\/uploads\/2021\/07\/53577EC5-6C64-4F12-8149-786670D0F92B-2048x1008.jpeg\" alt=\"\" width=\"2048\" height=\"1008\" srcset=\"https:\/\/www.moderneducation.eu\/wp-content\/uploads\/2021\/07\/53577EC5-6C64-4F12-8149-786670D0F92B-2048x1008.jpeg 2048w, https:\/\/www.moderneducation.eu\/wp-content\/uploads\/2021\/07\/53577EC5-6C64-4F12-8149-786670D0F92B-2048x1008-300x148.jpeg 300w, https:\/\/www.moderneducation.eu\/wp-content\/uploads\/2021\/07\/53577EC5-6C64-4F12-8149-786670D0F92B-2048x1008-768x378.jpeg 768w, https:\/\/www.moderneducation.eu\/wp-content\/uploads\/2021\/07\/53577EC5-6C64-4F12-8149-786670D0F92B-2048x1008-1024x504.jpeg 1024w\" sizes=\"(max-width: 2048px) 100vw, 2048px\" \/> <img loading=\"lazy\" decoding=\"async\" class=\"alignnone size-full wp-image-1286\" src=\"http:\/\/www.moderneducation.eu\/wp-content\/uploads\/2021\/07\/C1DF20EB-D1D1-429D-BABF-6219FC066371-2048x1014.jpeg\" alt=\"\" width=\"2048\" height=\"1014\" srcset=\"https:\/\/www.moderneducation.eu\/wp-content\/uploads\/2021\/07\/C1DF20EB-D1D1-429D-BABF-6219FC066371-2048x1014.jpeg 2048w, https:\/\/www.moderneducation.eu\/wp-content\/uploads\/2021\/07\/C1DF20EB-D1D1-429D-BABF-6219FC066371-2048x1014-300x149.jpeg 300w, https:\/\/www.moderneducation.eu\/wp-content\/uploads\/2021\/07\/C1DF20EB-D1D1-429D-BABF-6219FC066371-2048x1014-768x380.jpeg 768w, https:\/\/www.moderneducation.eu\/wp-content\/uploads\/2021\/07\/C1DF20EB-D1D1-429D-BABF-6219FC066371-2048x1014-1024x507.jpeg 1024w\" sizes=\"(max-width: 2048px) 100vw, 2048px\" \/> <img loading=\"lazy\" decoding=\"async\" class=\"alignnone size-full wp-image-1287\" src=\"http:\/\/www.moderneducation.eu\/wp-content\/uploads\/2021\/07\/CA97854F-CC12-482C-81B3-FBA6EEA6845F-2048x1040.jpeg\" alt=\"\" width=\"2048\" height=\"1040\" srcset=\"https:\/\/www.moderneducation.eu\/wp-content\/uploads\/2021\/07\/CA97854F-CC12-482C-81B3-FBA6EEA6845F-2048x1040.jpeg 2048w, https:\/\/www.moderneducation.eu\/wp-content\/uploads\/2021\/07\/CA97854F-CC12-482C-81B3-FBA6EEA6845F-2048x1040-300x152.jpeg 300w, https:\/\/www.moderneducation.eu\/wp-content\/uploads\/2021\/07\/CA97854F-CC12-482C-81B3-FBA6EEA6845F-2048x1040-768x390.jpeg 768w, https:\/\/www.moderneducation.eu\/wp-content\/uploads\/2021\/07\/CA97854F-CC12-482C-81B3-FBA6EEA6845F-2048x1040-1024x520.jpeg 1024w\" sizes=\"(max-width: 2048px) 100vw, 2048px\" \/> <img loading=\"lazy\" decoding=\"async\" class=\"alignnone size-full wp-image-1288\" src=\"http:\/\/www.moderneducation.eu\/wp-content\/uploads\/2021\/07\/EC71ADDE-9FF8-4A93-9DA8-8D6628ECEB83-2048x1001.jpeg\" alt=\"\" width=\"2048\" height=\"1001\" srcset=\"https:\/\/www.moderneducation.eu\/wp-content\/uploads\/2021\/07\/EC71ADDE-9FF8-4A93-9DA8-8D6628ECEB83-2048x1001.jpeg 2048w, https:\/\/www.moderneducation.eu\/wp-content\/uploads\/2021\/07\/EC71ADDE-9FF8-4A93-9DA8-8D6628ECEB83-2048x1001-300x147.jpeg 300w, https:\/\/www.moderneducation.eu\/wp-content\/uploads\/2021\/07\/EC71ADDE-9FF8-4A93-9DA8-8D6628ECEB83-2048x1001-768x375.jpeg 768w, https:\/\/www.moderneducation.eu\/wp-content\/uploads\/2021\/07\/EC71ADDE-9FF8-4A93-9DA8-8D6628ECEB83-2048x1001-1024x501.jpeg 1024w\" sizes=\"(max-width: 2048px) 100vw, 2048px\" \/> <img loading=\"lazy\" decoding=\"async\" class=\"alignnone size-full wp-image-1289\" src=\"http:\/\/www.moderneducation.eu\/wp-content\/uploads\/2021\/07\/F46AFC0D-64D5-489A-9D1A-1E4E933806C6-2048x1014.jpeg\" alt=\"\" width=\"2048\" height=\"1014\" srcset=\"https:\/\/www.moderneducation.eu\/wp-content\/uploads\/2021\/07\/F46AFC0D-64D5-489A-9D1A-1E4E933806C6-2048x1014.jpeg 2048w, https:\/\/www.moderneducation.eu\/wp-content\/uploads\/2021\/07\/F46AFC0D-64D5-489A-9D1A-1E4E933806C6-2048x1014-300x149.jpeg 300w, https:\/\/www.moderneducation.eu\/wp-content\/uploads\/2021\/07\/F46AFC0D-64D5-489A-9D1A-1E4E933806C6-2048x1014-768x380.jpeg 768w, https:\/\/www.moderneducation.eu\/wp-content\/uploads\/2021\/07\/F46AFC0D-64D5-489A-9D1A-1E4E933806C6-2048x1014-1024x507.jpeg 1024w\" sizes=\"(max-width: 2048px) 100vw, 2048px\" \/> <img loading=\"lazy\" decoding=\"async\" class=\"alignnone size-full wp-image-1290\" src=\"http:\/\/www.moderneducation.eu\/wp-content\/uploads\/2021\/07\/FCB5D30C-98CD-4642-8EC7-F1DD26E8C5D6-2048x983.jpeg\" alt=\"\" width=\"2048\" height=\"983\" srcset=\"https:\/\/www.moderneducation.eu\/wp-content\/uploads\/2021\/07\/FCB5D30C-98CD-4642-8EC7-F1DD26E8C5D6-2048x983.jpeg 2048w, https:\/\/www.moderneducation.eu\/wp-content\/uploads\/2021\/07\/FCB5D30C-98CD-4642-8EC7-F1DD26E8C5D6-2048x983-300x144.jpeg 300w, https:\/\/www.moderneducation.eu\/wp-content\/uploads\/2021\/07\/FCB5D30C-98CD-4642-8EC7-F1DD26E8C5D6-2048x983-768x369.jpeg 768w, https:\/\/www.moderneducation.eu\/wp-content\/uploads\/2021\/07\/FCB5D30C-98CD-4642-8EC7-F1DD26E8C5D6-2048x983-1024x492.jpeg 1024w\" sizes=\"(max-width: 2048px) 100vw, 2048px\" \/><\/p>\n<\/div>\n<\/div>\n<\/div><\/div>","protected":false},"excerpt":{"rendered":"<p>Temat spotkania to \u201eDziedzictwo kulturowe Litwy\u201d. Zostali\u015bmy wirtualnie oprowadzeni po wa\u017cnych kulturowo, krajobrazowo, historycznie miejscach na Litwie. Poznali\u015bmy miejsca szczeg\u00f3lnie bliskie kolegom i kole\u017cankom z projektu, kt\u00f3rzy zamieszkuj\u0105 region Vilnius i Trakai. Na podstawie filmu i prezentacji udzielali\u015bmy odpowiedzi na <a href=\"https:\/\/www.moderneducation.eu\/?page_id=1279\" class=\"read-more\">Read More &#8230;<\/a><\/p>\n","protected":false},"author":1,"featured_media":0,"parent":0,"menu_order":0,"comment_status":"closed","ping_status":"closed","template":"","meta":{"footnotes":""},"class_list":["post-1279","page","type-page","status-publish","hentry"],"_links":{"self":[{"href":"https:\/\/www.moderneducation.eu\/index.php?rest_route=\/wp\/v2\/pages\/1279","targetHints":{"allow":["GET"]}}],"collection":[{"href":"https:\/\/www.moderneducation.eu\/index.php?rest_route=\/wp\/v2\/pages"}],"about":[{"href":"https:\/\/www.moderneducation.eu\/index.php?rest_route=\/wp\/v2\/types\/page"}],"author":[{"embeddable":true,"href":"https:\/\/www.moderneducation.eu\/index.php?rest_route=\/wp\/v2\/users\/1"}],"replies":[{"embeddable":true,"href":"https:\/\/www.moderneducation.eu\/index.php?rest_route=%2Fwp%2Fv2%2Fcomments&post=1279"}],"version-history":[{"count":1,"href":"https:\/\/www.moderneducation.eu\/index.php?rest_route=\/wp\/v2\/pages\/1279\/revisions"}],"predecessor-version":[{"id":1291,"href":"https:\/\/www.moderneducation.eu\/index.php?rest_route=\/wp\/v2\/pages\/1279\/revisions\/1291"}],"wp:attachment":[{"href":"https:\/\/www.moderneducation.eu\/index.php?rest_route=%2Fwp%2Fv2%2Fmedia&parent=1279"}],"curies":[{"name":"wp","href":"https:\/\/api.w.org\/{rel}","templated":true}]}}