{"id":1302,"date":"2021-07-13T12:17:48","date_gmt":"2021-07-13T10:17:48","guid":{"rendered":"http:\/\/www.moderneducation.eu\/?page_id=1302"},"modified":"2021-07-13T12:17:48","modified_gmt":"2021-07-13T10:17:48","slug":"szosty-dzien-wymiany-2","status":"publish","type":"page","link":"https:\/\/www.moderneducation.eu\/?page_id=1302","title":{"rendered":"Sz\u00f3sty dzie\u0144 Wymiany"},"content":{"rendered":"<div id=\"dslc-theme-content\"><div id=\"dslc-theme-content-inner\"><p>Chcesz w przysz\u0142o\u015bci pracowa\u0107 na sw\u00f3j w\u0142asny sukces? Zastanawiasz si\u0119 czy to mo\u017cliwe? Poznaj jeden z najpopularniejszych dzisiaj szablon\u00f3w modelu biznesowego -Business Model Canvas. Opracowany przez Alexa Osterwaldera model sta\u0142 si\u0119 w \u015bwiecie startup\u00f3w wr\u0119cz synonimem opracowywania modelu biznesowego. My mieli\u015bmy szans\u0119 nie tylko dowiedzie\u0107 si\u0119 wi\u0119cej na ten temat, ale tak\u017ce opracowali\u015bmy w grupach mi\u0119dzynarodowych nasz w\u0142asny pomys\u0142 na biznes na podstawie tego modelu. Wszystko to w ramach kolejnego dnia wirtualnej wymiany Erasmus+ Od Marzyciela do Lidera!<\/p>\n<p><img fetchpriority=\"high\" decoding=\"async\" class=\"alignnone size-full wp-image-1303\" src=\"http:\/\/www.moderneducation.eu\/wp-content\/uploads\/2021\/07\/179240267_4505294389485598_8213118352201020788_n.jpeg\" alt=\"\" width=\"2048\" height=\"1071\" srcset=\"https:\/\/www.moderneducation.eu\/wp-content\/uploads\/2021\/07\/179240267_4505294389485598_8213118352201020788_n.jpeg 2048w, https:\/\/www.moderneducation.eu\/wp-content\/uploads\/2021\/07\/179240267_4505294389485598_8213118352201020788_n-300x157.jpeg 300w, https:\/\/www.moderneducation.eu\/wp-content\/uploads\/2021\/07\/179240267_4505294389485598_8213118352201020788_n-768x402.jpeg 768w, https:\/\/www.moderneducation.eu\/wp-content\/uploads\/2021\/07\/179240267_4505294389485598_8213118352201020788_n-1024x536.jpeg 1024w\" sizes=\"(max-width: 2048px) 100vw, 2048px\" \/> <img decoding=\"async\" class=\"alignnone size-full wp-image-1304\" src=\"http:\/\/www.moderneducation.eu\/wp-content\/uploads\/2021\/07\/179314280_4505294316152272_5459432189423625211_n.jpeg\" alt=\"\" width=\"2048\" height=\"1076\" srcset=\"https:\/\/www.moderneducation.eu\/wp-content\/uploads\/2021\/07\/179314280_4505294316152272_5459432189423625211_n.jpeg 2048w, https:\/\/www.moderneducation.eu\/wp-content\/uploads\/2021\/07\/179314280_4505294316152272_5459432189423625211_n-300x158.jpeg 300w, https:\/\/www.moderneducation.eu\/wp-content\/uploads\/2021\/07\/179314280_4505294316152272_5459432189423625211_n-768x404.jpeg 768w, https:\/\/www.moderneducation.eu\/wp-content\/uploads\/2021\/07\/179314280_4505294316152272_5459432189423625211_n-1024x538.jpeg 1024w\" sizes=\"(max-width: 2048px) 100vw, 2048px\" \/> <img decoding=\"async\" class=\"alignnone size-full wp-image-1305\" src=\"http:\/\/www.moderneducation.eu\/wp-content\/uploads\/2021\/07\/180009197_4505294346152269_8420019442958214684_n.jpeg\" alt=\"\" width=\"2048\" height=\"1072\" srcset=\"https:\/\/www.moderneducation.eu\/wp-content\/uploads\/2021\/07\/180009197_4505294346152269_8420019442958214684_n.jpeg 2048w, https:\/\/www.moderneducation.eu\/wp-content\/uploads\/2021\/07\/180009197_4505294346152269_8420019442958214684_n-300x157.jpeg 300w, https:\/\/www.moderneducation.eu\/wp-content\/uploads\/2021\/07\/180009197_4505294346152269_8420019442958214684_n-768x402.jpeg 768w, https:\/\/www.moderneducation.eu\/wp-content\/uploads\/2021\/07\/180009197_4505294346152269_8420019442958214684_n-1024x536.jpeg 1024w\" sizes=\"(max-width: 2048px) 100vw, 2048px\" \/> <img loading=\"lazy\" decoding=\"async\" class=\"alignnone size-full wp-image-1306\" src=\"http:\/\/www.moderneducation.eu\/wp-content\/uploads\/2021\/07\/180045936_4505294286152275_575853812915494889_n.jpeg\" alt=\"\" width=\"2048\" height=\"1079\" srcset=\"https:\/\/www.moderneducation.eu\/wp-content\/uploads\/2021\/07\/180045936_4505294286152275_575853812915494889_n.jpeg 2048w, https:\/\/www.moderneducation.eu\/wp-content\/uploads\/2021\/07\/180045936_4505294286152275_575853812915494889_n-300x158.jpeg 300w, https:\/\/www.moderneducation.eu\/wp-content\/uploads\/2021\/07\/180045936_4505294286152275_575853812915494889_n-768x405.jpeg 768w, https:\/\/www.moderneducation.eu\/wp-content\/uploads\/2021\/07\/180045936_4505294286152275_575853812915494889_n-1024x540.jpeg 1024w\" sizes=\"(max-width: 2048px) 100vw, 2048px\" \/> <img loading=\"lazy\" decoding=\"async\" class=\"alignnone size-full wp-image-1307\" src=\"http:\/\/www.moderneducation.eu\/wp-content\/uploads\/2021\/07\/180464554_4505294296152274_9188693333151055840_n.jpeg\" alt=\"\" width=\"2048\" height=\"1076\" srcset=\"https:\/\/www.moderneducation.eu\/wp-content\/uploads\/2021\/07\/180464554_4505294296152274_9188693333151055840_n.jpeg 2048w, https:\/\/www.moderneducation.eu\/wp-content\/uploads\/2021\/07\/180464554_4505294296152274_9188693333151055840_n-300x158.jpeg 300w, https:\/\/www.moderneducation.eu\/wp-content\/uploads\/2021\/07\/180464554_4505294296152274_9188693333151055840_n-768x404.jpeg 768w, https:\/\/www.moderneducation.eu\/wp-content\/uploads\/2021\/07\/180464554_4505294296152274_9188693333151055840_n-1024x538.jpeg 1024w\" sizes=\"(max-width: 2048px) 100vw, 2048px\" \/> <img loading=\"lazy\" decoding=\"async\" class=\"alignnone size-full wp-image-1308\" src=\"http:\/\/www.moderneducation.eu\/wp-content\/uploads\/2021\/07\/180501158_4505294482818922_637855801423460478_n.jpeg\" alt=\"\" width=\"2048\" height=\"1069\" srcset=\"https:\/\/www.moderneducation.eu\/wp-content\/uploads\/2021\/07\/180501158_4505294482818922_637855801423460478_n.jpeg 2048w, https:\/\/www.moderneducation.eu\/wp-content\/uploads\/2021\/07\/180501158_4505294482818922_637855801423460478_n-300x157.jpeg 300w, https:\/\/www.moderneducation.eu\/wp-content\/uploads\/2021\/07\/180501158_4505294482818922_637855801423460478_n-768x401.jpeg 768w, https:\/\/www.moderneducation.eu\/wp-content\/uploads\/2021\/07\/180501158_4505294482818922_637855801423460478_n-1024x535.jpeg 1024w\" sizes=\"(max-width: 2048px) 100vw, 2048px\" \/> <img loading=\"lazy\" decoding=\"async\" class=\"alignnone size-full wp-image-1309\" src=\"http:\/\/www.moderneducation.eu\/wp-content\/uploads\/2021\/07\/image2.jpeg\" alt=\"\" width=\"960\" height=\"539\" srcset=\"https:\/\/www.moderneducation.eu\/wp-content\/uploads\/2021\/07\/image2.jpeg 960w, https:\/\/www.moderneducation.eu\/wp-content\/uploads\/2021\/07\/image2-300x168.jpeg 300w, https:\/\/www.moderneducation.eu\/wp-content\/uploads\/2021\/07\/image2-768x431.jpeg 768w\" sizes=\"(max-width: 960px) 100vw, 960px\" \/><\/p>\n<\/div><\/div>","protected":false},"excerpt":{"rendered":"<p>Chcesz w przysz\u0142o\u015bci pracowa\u0107 na sw\u00f3j w\u0142asny sukces? Zastanawiasz si\u0119 czy to mo\u017cliwe? Poznaj jeden z najpopularniejszych dzisiaj szablon\u00f3w modelu biznesowego -Business Model Canvas. Opracowany przez Alexa Osterwaldera model sta\u0142 si\u0119 w \u015bwiecie startup\u00f3w wr\u0119cz synonimem opracowywania modelu biznesowego. My <a href=\"https:\/\/www.moderneducation.eu\/?page_id=1302\" class=\"read-more\">Read More &#8230;<\/a><\/p>\n","protected":false},"author":1,"featured_media":0,"parent":0,"menu_order":0,"comment_status":"closed","ping_status":"closed","template":"","meta":{"footnotes":""},"class_list":["post-1302","page","type-page","status-publish","hentry"],"_links":{"self":[{"href":"https:\/\/www.moderneducation.eu\/index.php?rest_route=\/wp\/v2\/pages\/1302","targetHints":{"allow":["GET"]}}],"collection":[{"href":"https:\/\/www.moderneducation.eu\/index.php?rest_route=\/wp\/v2\/pages"}],"about":[{"href":"https:\/\/www.moderneducation.eu\/index.php?rest_route=\/wp\/v2\/types\/page"}],"author":[{"embeddable":true,"href":"https:\/\/www.moderneducation.eu\/index.php?rest_route=\/wp\/v2\/users\/1"}],"replies":[{"embeddable":true,"href":"https:\/\/www.moderneducation.eu\/index.php?rest_route=%2Fwp%2Fv2%2Fcomments&post=1302"}],"version-history":[{"count":1,"href":"https:\/\/www.moderneducation.eu\/index.php?rest_route=\/wp\/v2\/pages\/1302\/revisions"}],"predecessor-version":[{"id":1310,"href":"https:\/\/www.moderneducation.eu\/index.php?rest_route=\/wp\/v2\/pages\/1302\/revisions\/1310"}],"wp:attachment":[{"href":"https:\/\/www.moderneducation.eu\/index.php?rest_route=%2Fwp%2Fv2%2Fmedia&parent=1302"}],"curies":[{"name":"wp","href":"https:\/\/api.w.org\/{rel}","templated":true}]}}