{"id":1677,"date":"2022-06-20T11:03:59","date_gmt":"2022-06-20T09:03:59","guid":{"rendered":"http:\/\/www.moderneducation.eu\/?page_id=1677"},"modified":"2022-06-23T14:23:32","modified_gmt":"2022-06-23T12:23:32","slug":"trzeci-dzien-wymiany-3","status":"publish","type":"page","link":"https:\/\/www.moderneducation.eu\/?page_id=1677","title":{"rendered":"Trzeci dzie\u0144 wymiany"},"content":{"rendered":"<div id=\"dslc-theme-content\"><div id=\"dslc-theme-content-inner\"><p>23.03.22. Dzi\u015b nasi uczniowie oraz go\u015bcie ze szk\u00f3\u0142 partnerskich w programie Erasmus+ \u201eOur Earth, Our Home\u201d mieli niepowtarzaln\u0105 okazj\u0119 zwiedzi\u0107 Elektrociep\u0142owni\u0119 Karolin i dowiedzie\u0107 si\u0119, w jaki spos\u00f3b produkcja ciep\u0142a i energii elektrycznej zmienia si\u0119 na bardziej ekologiczn\u0105.<\/p>\n<p><img fetchpriority=\"high\" decoding=\"async\" class=\"alignnone size-medium wp-image-1678\" src=\"http:\/\/www.moderneducation.eu\/wp-content\/uploads\/2022\/06\/FB_IMG_1648327406716-300x225.jpeg\" alt=\"\" width=\"300\" height=\"225\" srcset=\"https:\/\/www.moderneducation.eu\/wp-content\/uploads\/2022\/06\/FB_IMG_1648327406716-300x225.jpeg 300w, https:\/\/www.moderneducation.eu\/wp-content\/uploads\/2022\/06\/FB_IMG_1648327406716.jpeg 720w\" sizes=\"(max-width: 300px) 100vw, 300px\" \/><img decoding=\"async\" class=\"alignnone size-medium wp-image-1724\" src=\"http:\/\/www.moderneducation.eu\/wp-content\/uploads\/2022\/06\/d7f3e9fb-f190-4811-b9ed-6bea5b307742-188x300.jpg\" alt=\"\" width=\"188\" height=\"300\" srcset=\"https:\/\/www.moderneducation.eu\/wp-content\/uploads\/2022\/06\/d7f3e9fb-f190-4811-b9ed-6bea5b307742-188x300.jpg 188w, https:\/\/www.moderneducation.eu\/wp-content\/uploads\/2022\/06\/d7f3e9fb-f190-4811-b9ed-6bea5b307742-768x1224.jpg 768w, https:\/\/www.moderneducation.eu\/wp-content\/uploads\/2022\/06\/d7f3e9fb-f190-4811-b9ed-6bea5b307742-642x1024.jpg 642w, https:\/\/www.moderneducation.eu\/wp-content\/uploads\/2022\/06\/d7f3e9fb-f190-4811-b9ed-6bea5b307742.jpg 1054w\" sizes=\"(max-width: 188px) 100vw, 188px\" \/> <img decoding=\"async\" class=\"alignnone size-medium wp-image-1723\" src=\"http:\/\/www.moderneducation.eu\/wp-content\/uploads\/2022\/06\/889cd0c9-af10-4f1b-bc2e-f62d16e7d78f-300x169.jpg\" alt=\"\" width=\"300\" height=\"169\" srcset=\"https:\/\/www.moderneducation.eu\/wp-content\/uploads\/2022\/06\/889cd0c9-af10-4f1b-bc2e-f62d16e7d78f-300x169.jpg 300w, https:\/\/www.moderneducation.eu\/wp-content\/uploads\/2022\/06\/889cd0c9-af10-4f1b-bc2e-f62d16e7d78f-768x432.jpg 768w, https:\/\/www.moderneducation.eu\/wp-content\/uploads\/2022\/06\/889cd0c9-af10-4f1b-bc2e-f62d16e7d78f-1024x576.jpg 1024w, https:\/\/www.moderneducation.eu\/wp-content\/uploads\/2022\/06\/889cd0c9-af10-4f1b-bc2e-f62d16e7d78f.jpg 2016w\" sizes=\"(max-width: 300px) 100vw, 300px\" \/> <img loading=\"lazy\" decoding=\"async\" class=\"alignnone size-medium wp-image-1721\" src=\"http:\/\/www.moderneducation.eu\/wp-content\/uploads\/2022\/06\/86f6d656-9cae-4c60-aa2e-38c92228e8ba-300x169.jpg\" alt=\"\" width=\"300\" height=\"169\" srcset=\"https:\/\/www.moderneducation.eu\/wp-content\/uploads\/2022\/06\/86f6d656-9cae-4c60-aa2e-38c92228e8ba-300x169.jpg 300w, https:\/\/www.moderneducation.eu\/wp-content\/uploads\/2022\/06\/86f6d656-9cae-4c60-aa2e-38c92228e8ba-768x432.jpg 768w, https:\/\/www.moderneducation.eu\/wp-content\/uploads\/2022\/06\/86f6d656-9cae-4c60-aa2e-38c92228e8ba-1024x576.jpg 1024w, https:\/\/www.moderneducation.eu\/wp-content\/uploads\/2022\/06\/86f6d656-9cae-4c60-aa2e-38c92228e8ba.jpg 2016w\" sizes=\"(max-width: 300px) 100vw, 300px\" \/> <img loading=\"lazy\" decoding=\"async\" class=\"alignnone size-medium wp-image-1720\" src=\"http:\/\/www.moderneducation.eu\/wp-content\/uploads\/2022\/06\/58e506a8-ea41-44ab-bba1-72908160fb16-169x300.jpg\" alt=\"\" width=\"169\" height=\"300\" srcset=\"https:\/\/www.moderneducation.eu\/wp-content\/uploads\/2022\/06\/58e506a8-ea41-44ab-bba1-72908160fb16-169x300.jpg 169w, https:\/\/www.moderneducation.eu\/wp-content\/uploads\/2022\/06\/58e506a8-ea41-44ab-bba1-72908160fb16-768x1366.jpg 768w, https:\/\/www.moderneducation.eu\/wp-content\/uploads\/2022\/06\/58e506a8-ea41-44ab-bba1-72908160fb16-576x1024.jpg 576w, https:\/\/www.moderneducation.eu\/wp-content\/uploads\/2022\/06\/58e506a8-ea41-44ab-bba1-72908160fb16.jpg 949w\" sizes=\"(max-width: 169px) 100vw, 169px\" \/> <img loading=\"lazy\" decoding=\"async\" class=\"alignnone size-medium wp-image-1719\" src=\"http:\/\/www.moderneducation.eu\/wp-content\/uploads\/2022\/06\/2a54e0b6-d2bf-4a53-aaa5-c8e259485a7f-300x169.jpg\" alt=\"\" width=\"300\" height=\"169\" srcset=\"https:\/\/www.moderneducation.eu\/wp-content\/uploads\/2022\/06\/2a54e0b6-d2bf-4a53-aaa5-c8e259485a7f-300x169.jpg 300w, https:\/\/www.moderneducation.eu\/wp-content\/uploads\/2022\/06\/2a54e0b6-d2bf-4a53-aaa5-c8e259485a7f-768x432.jpg 768w, https:\/\/www.moderneducation.eu\/wp-content\/uploads\/2022\/06\/2a54e0b6-d2bf-4a53-aaa5-c8e259485a7f-1024x576.jpg 1024w, https:\/\/www.moderneducation.eu\/wp-content\/uploads\/2022\/06\/2a54e0b6-d2bf-4a53-aaa5-c8e259485a7f.jpg 2048w\" sizes=\"(max-width: 300px) 100vw, 300px\" \/> <img loading=\"lazy\" decoding=\"async\" class=\"alignnone size-medium wp-image-1679\" src=\"http:\/\/www.moderneducation.eu\/wp-content\/uploads\/2022\/06\/FB_IMG_1648327409451-300x169.jpeg\" alt=\"\" width=\"300\" height=\"169\" srcset=\"https:\/\/www.moderneducation.eu\/wp-content\/uploads\/2022\/06\/FB_IMG_1648327409451-300x169.jpeg 300w, https:\/\/www.moderneducation.eu\/wp-content\/uploads\/2022\/06\/FB_IMG_1648327409451.jpeg 720w\" sizes=\"(max-width: 300px) 100vw, 300px\" \/> <img loading=\"lazy\" decoding=\"async\" class=\"alignnone size-medium wp-image-1680\" src=\"http:\/\/www.moderneducation.eu\/wp-content\/uploads\/2022\/06\/FB_IMG_1648327414514-300x169.jpeg\" alt=\"\" width=\"300\" height=\"169\" srcset=\"https:\/\/www.moderneducation.eu\/wp-content\/uploads\/2022\/06\/FB_IMG_1648327414514-300x169.jpeg 300w, https:\/\/www.moderneducation.eu\/wp-content\/uploads\/2022\/06\/FB_IMG_1648327414514.jpeg 720w\" sizes=\"(max-width: 300px) 100vw, 300px\" \/> <img loading=\"lazy\" decoding=\"async\" class=\"alignnone size-medium wp-image-1681\" src=\"http:\/\/www.moderneducation.eu\/wp-content\/uploads\/2022\/06\/FB_IMG_1648327416884-169x300.jpeg\" alt=\"\" width=\"169\" height=\"300\" srcset=\"https:\/\/www.moderneducation.eu\/wp-content\/uploads\/2022\/06\/FB_IMG_1648327416884-169x300.jpeg 169w, https:\/\/www.moderneducation.eu\/wp-content\/uploads\/2022\/06\/FB_IMG_1648327416884-576x1024.jpeg 576w, https:\/\/www.moderneducation.eu\/wp-content\/uploads\/2022\/06\/FB_IMG_1648327416884.jpeg 720w\" sizes=\"(max-width: 169px) 100vw, 169px\" \/> <img loading=\"lazy\" decoding=\"async\" class=\"alignnone size-medium wp-image-1682\" src=\"http:\/\/www.moderneducation.eu\/wp-content\/uploads\/2022\/06\/FB_IMG_1648327419396-300x169.jpeg\" alt=\"\" width=\"300\" height=\"169\" srcset=\"https:\/\/www.moderneducation.eu\/wp-content\/uploads\/2022\/06\/FB_IMG_1648327419396-300x169.jpeg 300w, https:\/\/www.moderneducation.eu\/wp-content\/uploads\/2022\/06\/FB_IMG_1648327419396.jpeg 720w\" sizes=\"(max-width: 300px) 100vw, 300px\" \/> <img loading=\"lazy\" decoding=\"async\" class=\"alignnone size-medium wp-image-1683\" src=\"http:\/\/www.moderneducation.eu\/wp-content\/uploads\/2022\/06\/FB_IMG_1648327421780-300x169.jpeg\" alt=\"\" width=\"300\" height=\"169\" srcset=\"https:\/\/www.moderneducation.eu\/wp-content\/uploads\/2022\/06\/FB_IMG_1648327421780-300x169.jpeg 300w, https:\/\/www.moderneducation.eu\/wp-content\/uploads\/2022\/06\/FB_IMG_1648327421780.jpeg 720w\" sizes=\"(max-width: 300px) 100vw, 300px\" \/><\/p>\n<\/div><\/div>","protected":false},"excerpt":{"rendered":"<p>23.03.22. Dzi\u015b nasi uczniowie oraz go\u015bcie ze szk\u00f3\u0142 partnerskich w programie Erasmus+ \u201eOur Earth, Our Home\u201d mieli niepowtarzaln\u0105 okazj\u0119 zwiedzi\u0107 Elektrociep\u0142owni\u0119 Karolin i dowiedzie\u0107 si\u0119, w jaki spos\u00f3b produkcja ciep\u0142a i energii elektrycznej zmienia si\u0119 na bardziej ekologiczn\u0105.<\/p>\n","protected":false},"author":1,"featured_media":0,"parent":0,"menu_order":0,"comment_status":"closed","ping_status":"closed","template":"","meta":{"footnotes":""},"class_list":["post-1677","page","type-page","status-publish","hentry"],"_links":{"self":[{"href":"https:\/\/www.moderneducation.eu\/index.php?rest_route=\/wp\/v2\/pages\/1677","targetHints":{"allow":["GET"]}}],"collection":[{"href":"https:\/\/www.moderneducation.eu\/index.php?rest_route=\/wp\/v2\/pages"}],"about":[{"href":"https:\/\/www.moderneducation.eu\/index.php?rest_route=\/wp\/v2\/types\/page"}],"author":[{"embeddable":true,"href":"https:\/\/www.moderneducation.eu\/index.php?rest_route=\/wp\/v2\/users\/1"}],"replies":[{"embeddable":true,"href":"https:\/\/www.moderneducation.eu\/index.php?rest_route=%2Fwp%2Fv2%2Fcomments&post=1677"}],"version-history":[{"count":2,"href":"https:\/\/www.moderneducation.eu\/index.php?rest_route=\/wp\/v2\/pages\/1677\/revisions"}],"predecessor-version":[{"id":1726,"href":"https:\/\/www.moderneducation.eu\/index.php?rest_route=\/wp\/v2\/pages\/1677\/revisions\/1726"}],"wp:attachment":[{"href":"https:\/\/www.moderneducation.eu\/index.php?rest_route=%2Fwp%2Fv2%2Fmedia&parent=1677"}],"curies":[{"name":"wp","href":"https:\/\/api.w.org\/{rel}","templated":true}]}}