{"id":1828,"date":"2022-06-24T13:04:59","date_gmt":"2022-06-24T11:04:59","guid":{"rendered":"http:\/\/www.moderneducation.eu\/?page_id=1828"},"modified":"2022-06-24T13:04:59","modified_gmt":"2022-06-24T11:04:59","slug":"drugi-dzien-wymiany-4","status":"publish","type":"page","link":"https:\/\/www.moderneducation.eu\/?page_id=1828","title":{"rendered":"Drugi dzie\u0144 wymiany"},"content":{"rendered":"<div id=\"dslc-theme-content\"><div id=\"dslc-theme-content-inner\"><div dir=\"auto\">\n<div dir=\"auto\">Erasmus+ <span class=\"pq6dq46d tbxw36s4 knj5qynh kvgmc6g5 ditlmg2l oygrvhab nvdbi5me sf5mxxl7 gl3lb2sf hhz5lgdu\"><img decoding=\"async\" src=\"https:\/\/static.xx.fbcdn.net\/images\/emoji.php\/v9\/tdd\/1\/16\/1f1ea_1f1fa.png\" alt=\"\ud83c\uddea\ud83c\uddfa\" width=\"16\" height=\"16\" \/><\/span> Wtorek<\/div>\n<div dir=\"auto\">Zacz\u0119li\u015bmy zaj\u0119cia w szkole w Partinico od dw\u00f3ch bardzo ciekawych wyk\u0142ad\u00f3w. Pierwszy po\u015bwi\u0119cony by\u0142 organizacji Legambiente, kt\u00f3ra podejmuje liczne dzia\u0142ania na rzecz ochrony \u015brodowiska. Na Sycylii r\u00f3wnie\u017c ten wymiar rzeczywisto\u015bci ma sw\u00f3j w\u0105tek mafijny zwi\u0105zany z istnieniem tzw. ekomafii. Czerpi\u0105 one zyski mi\u0119dzy innymi z fikcyjnej utylizacji toksycznych odpad\u00f3w, kt\u00f3re w niekontrolowany spos\u00f3b zanieczyszczaj\u0105 rzeki oraz wody przybrze\u017cne. Kolejny wyk\u0142ad po\u015bwi\u0119cony by\u0142 obcym gatunkom fauny i flory pojawiaj\u0105cym si\u0119 w wyniku dzia\u0142alno\u015bci ludzkiej w ekosystemie Morza \u015ar\u00f3dziemnego powoduj\u0105c zmiany, nie zawsze dobre. Po po\u0142udniu udali\u015bmy si\u0119 na piknik, kt\u00f3remu, jak zwykle, towarzyszy\u0142y \u015bpiewy i ta\u0144ce. Ale prawdziwa przygoda czeka\u0142a nas w wodach zatoki Castellammare. Zm\u0119czeni upa\u0142em zanurzyli\u015bmy si\u0119 w orze\u017awiaj\u0105cej wodzie, kt\u00f3ra okaza\u0142a si\u0119 siedliskiem wyj\u0105tkowo \u017ale nastawionych do \u017cycia meduz. Szybko wyeliminowa\u0142y one z gry bardziej wra\u017cliwe jednostki, powoduj\u0105c u nich bolesne oparzenia. W grze pozostali jedynie bracia Czesi i wyj\u0105tkowo twardzi przedstawiciele 3PF <span class=\"pq6dq46d tbxw36s4 knj5qynh kvgmc6g5 ditlmg2l oygrvhab nvdbi5me sf5mxxl7 gl3lb2sf hhz5lgdu\"><img decoding=\"async\" src=\"https:\/\/static.xx.fbcdn.net\/images\/emoji.php\/v9\/t6c\/1\/16\/1f4aa.png\" alt=\"\ud83d\udcaa\" width=\"16\" height=\"16\" \/><\/span>.<\/div>\n<\/div>\n<div dir=\"auto\"><img fetchpriority=\"high\" decoding=\"async\" class=\"alignnone size-medium wp-image-1829\" src=\"http:\/\/www.moderneducation.eu\/wp-content\/uploads\/2022\/06\/282149461_5763032270378464_3761705243251642851_n-300x225.jpeg\" alt=\"\" width=\"300\" height=\"225\" srcset=\"https:\/\/www.moderneducation.eu\/wp-content\/uploads\/2022\/06\/282149461_5763032270378464_3761705243251642851_n-300x225.jpeg 300w, https:\/\/www.moderneducation.eu\/wp-content\/uploads\/2022\/06\/282149461_5763032270378464_3761705243251642851_n-768x577.jpeg 768w, https:\/\/www.moderneducation.eu\/wp-content\/uploads\/2022\/06\/282149461_5763032270378464_3761705243251642851_n-1024x769.jpeg 1024w, https:\/\/www.moderneducation.eu\/wp-content\/uploads\/2022\/06\/282149461_5763032270378464_3761705243251642851_n.jpeg 1201w\" sizes=\"(max-width: 300px) 100vw, 300px\" \/> <img loading=\"lazy\" decoding=\"async\" class=\"alignnone size-medium wp-image-1830\" src=\"http:\/\/www.moderneducation.eu\/wp-content\/uploads\/2022\/06\/282305716_5763032263711798_8685338675790176157_n-300x225.jpeg\" alt=\"\" width=\"300\" height=\"225\" srcset=\"https:\/\/www.moderneducation.eu\/wp-content\/uploads\/2022\/06\/282305716_5763032263711798_8685338675790176157_n-300x225.jpeg 300w, https:\/\/www.moderneducation.eu\/wp-content\/uploads\/2022\/06\/282305716_5763032263711798_8685338675790176157_n-768x577.jpeg 768w, https:\/\/www.moderneducation.eu\/wp-content\/uploads\/2022\/06\/282305716_5763032263711798_8685338675790176157_n-1024x769.jpeg 1024w, https:\/\/www.moderneducation.eu\/wp-content\/uploads\/2022\/06\/282305716_5763032263711798_8685338675790176157_n.jpeg 1201w\" sizes=\"(max-width: 300px) 100vw, 300px\" \/> <img loading=\"lazy\" decoding=\"async\" class=\"alignnone size-medium wp-image-1831\" src=\"http:\/\/www.moderneducation.eu\/wp-content\/uploads\/2022\/06\/282379151_5763032267045131_7212140110191725397_n-300x225.jpeg\" alt=\"\" width=\"300\" height=\"225\" srcset=\"https:\/\/www.moderneducation.eu\/wp-content\/uploads\/2022\/06\/282379151_5763032267045131_7212140110191725397_n-300x225.jpeg 300w, https:\/\/www.moderneducation.eu\/wp-content\/uploads\/2022\/06\/282379151_5763032267045131_7212140110191725397_n-768x577.jpeg 768w, https:\/\/www.moderneducation.eu\/wp-content\/uploads\/2022\/06\/282379151_5763032267045131_7212140110191725397_n-1024x769.jpeg 1024w, https:\/\/www.moderneducation.eu\/wp-content\/uploads\/2022\/06\/282379151_5763032267045131_7212140110191725397_n.jpeg 1201w\" sizes=\"(max-width: 300px) 100vw, 300px\" \/><\/div>\n<\/div><\/div>","protected":false},"excerpt":{"rendered":"<p>Erasmus+ Wtorek Zacz\u0119li\u015bmy zaj\u0119cia w szkole w Partinico od dw\u00f3ch bardzo ciekawych wyk\u0142ad\u00f3w. Pierwszy po\u015bwi\u0119cony by\u0142 organizacji Legambiente, kt\u00f3ra podejmuje liczne dzia\u0142ania na rzecz ochrony \u015brodowiska. Na Sycylii r\u00f3wnie\u017c ten wymiar rzeczywisto\u015bci ma sw\u00f3j w\u0105tek mafijny zwi\u0105zany z istnieniem tzw. <a href=\"https:\/\/www.moderneducation.eu\/?page_id=1828\" class=\"read-more\">Read More &#8230;<\/a><\/p>\n","protected":false},"author":1,"featured_media":0,"parent":0,"menu_order":0,"comment_status":"closed","ping_status":"closed","template":"","meta":{"footnotes":""},"class_list":["post-1828","page","type-page","status-publish","hentry"],"_links":{"self":[{"href":"https:\/\/www.moderneducation.eu\/index.php?rest_route=\/wp\/v2\/pages\/1828","targetHints":{"allow":["GET"]}}],"collection":[{"href":"https:\/\/www.moderneducation.eu\/index.php?rest_route=\/wp\/v2\/pages"}],"about":[{"href":"https:\/\/www.moderneducation.eu\/index.php?rest_route=\/wp\/v2\/types\/page"}],"author":[{"embeddable":true,"href":"https:\/\/www.moderneducation.eu\/index.php?rest_route=\/wp\/v2\/users\/1"}],"replies":[{"embeddable":true,"href":"https:\/\/www.moderneducation.eu\/index.php?rest_route=%2Fwp%2Fv2%2Fcomments&post=1828"}],"version-history":[{"count":1,"href":"https:\/\/www.moderneducation.eu\/index.php?rest_route=\/wp\/v2\/pages\/1828\/revisions"}],"predecessor-version":[{"id":1832,"href":"https:\/\/www.moderneducation.eu\/index.php?rest_route=\/wp\/v2\/pages\/1828\/revisions\/1832"}],"wp:attachment":[{"href":"https:\/\/www.moderneducation.eu\/index.php?rest_route=%2Fwp%2Fv2%2Fmedia&parent=1828"}],"curies":[{"name":"wp","href":"https:\/\/api.w.org\/{rel}","templated":true}]}}