{"id":1833,"date":"2022-06-24T13:07:48","date_gmt":"2022-06-24T11:07:48","guid":{"rendered":"http:\/\/www.moderneducation.eu\/?page_id=1833"},"modified":"2022-06-24T13:07:48","modified_gmt":"2022-06-24T11:07:48","slug":"trzeci-dzien-wymiany-4","status":"publish","type":"page","link":"https:\/\/www.moderneducation.eu\/?page_id=1833","title":{"rendered":"Trzeci dzie\u0144 wymiany"},"content":{"rendered":"<div id=\"dslc-theme-content\"><div id=\"dslc-theme-content-inner\"><div dir=\"auto\">Erasmus+ <span class=\"pq6dq46d tbxw36s4 knj5qynh kvgmc6g5 ditlmg2l oygrvhab nvdbi5me sf5mxxl7 gl3lb2sf hhz5lgdu\"><img decoding=\"async\" src=\"https:\/\/static.xx.fbcdn.net\/images\/emoji.php\/v9\/tdd\/1\/16\/1f1ea_1f1fa.png\" alt=\"\ud83c\uddea\ud83c\uddfa\" width=\"16\" height=\"16\"><\/span> \u015aroda<\/div>\n<div dir=\"auto\">Ca\u0142y dzisiejszy dzie\u0144 sp\u0119dzili\u015bmy na wycieczce do San Vito. Zacz\u0119\u0142o si\u0119 od spotkania z Burmistrzem, kt\u00f3ry przyj\u0105\u0142 nas w reprezentacyjnym holu Urz\u0119du Miasta i opowiedzia\u0142 o historii San Vito, kt\u00f3re jak si\u0119 okaza\u0142o jest co roku gospodarzem Mi\u0119dzynarodowego Dnia Kuskusu <span class=\"pq6dq46d tbxw36s4 knj5qynh kvgmc6g5 ditlmg2l oygrvhab nvdbi5me sf5mxxl7 gl3lb2sf hhz5lgdu\"><img decoding=\"async\" src=\"https:\/\/static.xx.fbcdn.net\/images\/emoji.php\/v9\/td3\/1\/16\/1f924.png\" alt=\"\ud83e\udd24\" width=\"16\" height=\"16\"><\/span>. Potem mieli\u015bmy czas na pla\u017c\u0119, a po pla\u017cy obiad: kuskus z kawa\u0142kiem ryby i sosem pomidorowym. Po obiedzie podzielili\u015bmy si\u0119 na dwie grupy. Pierwsza zosta\u0142a w miasteczku: kawa, lody, pami\u0105tki; druga pojecha\u0142a do najstarszego we W\u0142oszech rezerwatu przyrody &#8211; Reserva Naturale dello Zingaro: treking, muzeum i dzika pla\u017ca. Wieczorem, po powrocie do bazy noclegowej, wyszli\u015bmy jeszcze &#8222;na miasto&#8221;, czyli do pobliskiego Balestrate, kt\u00f3re, jak si\u0119 okaza\u0142o, ma bardzo urokliwe centrum i marin\u0119. No i te lody pistacjowe&#8230;<\/div>\n\n\n<figure class=\"wp-block-image\"><img fetchpriority=\"high\" decoding=\"async\" width=\"908\" height=\"515\" src=\"http:\/\/www.moderneducation.eu\/wp-content\/uploads\/2022\/06\/285343782_5766153156733042_5935847451981126658_n.jpeg\" alt=\"\" class=\"wp-image-1835\" srcset=\"https:\/\/www.moderneducation.eu\/wp-content\/uploads\/2022\/06\/285343782_5766153156733042_5935847451981126658_n.jpeg 908w, https:\/\/www.moderneducation.eu\/wp-content\/uploads\/2022\/06\/285343782_5766153156733042_5935847451981126658_n-300x170.jpeg 300w, https:\/\/www.moderneducation.eu\/wp-content\/uploads\/2022\/06\/285343782_5766153156733042_5935847451981126658_n-768x436.jpeg 768w\" sizes=\"(max-width: 908px) 100vw, 908px\" \/><\/figure>\n\n\n\n<figure class=\"wp-block-image\"><img loading=\"lazy\" decoding=\"async\" width=\"900\" height=\"506\" src=\"http:\/\/www.moderneducation.eu\/wp-content\/uploads\/2022\/06\/285582206_5766153153399709_9197184228308739220_n.jpeg\" alt=\"\" class=\"wp-image-1836\" srcset=\"https:\/\/www.moderneducation.eu\/wp-content\/uploads\/2022\/06\/285582206_5766153153399709_9197184228308739220_n.jpeg 900w, https:\/\/www.moderneducation.eu\/wp-content\/uploads\/2022\/06\/285582206_5766153153399709_9197184228308739220_n-300x169.jpeg 300w, https:\/\/www.moderneducation.eu\/wp-content\/uploads\/2022\/06\/285582206_5766153153399709_9197184228308739220_n-768x432.jpeg 768w\" sizes=\"(max-width: 900px) 100vw, 900px\" \/><\/figure>\n\n\n\n<figure class=\"wp-block-image\"><img loading=\"lazy\" decoding=\"async\" width=\"901\" height=\"507\" src=\"http:\/\/www.moderneducation.eu\/wp-content\/uploads\/2022\/06\/285632660_5766153163399708_2409281993569632237_n.jpeg\" alt=\"\" class=\"wp-image-1837\" srcset=\"https:\/\/www.moderneducation.eu\/wp-content\/uploads\/2022\/06\/285632660_5766153163399708_2409281993569632237_n.jpeg 901w, https:\/\/www.moderneducation.eu\/wp-content\/uploads\/2022\/06\/285632660_5766153163399708_2409281993569632237_n-300x169.jpeg 300w, https:\/\/www.moderneducation.eu\/wp-content\/uploads\/2022\/06\/285632660_5766153163399708_2409281993569632237_n-768x432.jpeg 768w\" sizes=\"(max-width: 901px) 100vw, 901px\" \/><\/figure>\n\n\n\n<figure class=\"wp-block-image\"><img loading=\"lazy\" decoding=\"async\" width=\"901\" height=\"507\" src=\"http:\/\/www.moderneducation.eu\/wp-content\/uploads\/2022\/06\/285833329_5766153160066375_6067524041160146772_n.jpeg\" alt=\"\" class=\"wp-image-1838\" srcset=\"https:\/\/www.moderneducation.eu\/wp-content\/uploads\/2022\/06\/285833329_5766153160066375_6067524041160146772_n.jpeg 901w, https:\/\/www.moderneducation.eu\/wp-content\/uploads\/2022\/06\/285833329_5766153160066375_6067524041160146772_n-300x169.jpeg 300w, https:\/\/www.moderneducation.eu\/wp-content\/uploads\/2022\/06\/285833329_5766153160066375_6067524041160146772_n-768x432.jpeg 768w\" sizes=\"(max-width: 901px) 100vw, 901px\" \/><\/figure>\n<\/div><\/div>","protected":false},"excerpt":{"rendered":"<p>Erasmus+ \u015aroda Ca\u0142y dzisiejszy dzie\u0144 sp\u0119dzili\u015bmy na wycieczce do San Vito. Zacz\u0119\u0142o si\u0119 od spotkania z Burmistrzem, kt\u00f3ry przyj\u0105\u0142 nas w reprezentacyjnym holu Urz\u0119du Miasta i opowiedzia\u0142 o historii San Vito, kt\u00f3re jak si\u0119 okaza\u0142o jest co roku gospodarzem Mi\u0119dzynarodowego <a href=\"https:\/\/www.moderneducation.eu\/?page_id=1833\" class=\"read-more\">Read More &#8230;<\/a><\/p>\n","protected":false},"author":1,"featured_media":0,"parent":0,"menu_order":0,"comment_status":"closed","ping_status":"closed","template":"","meta":{"footnotes":""},"class_list":["post-1833","page","type-page","status-publish","hentry"],"_links":{"self":[{"href":"https:\/\/www.moderneducation.eu\/index.php?rest_route=\/wp\/v2\/pages\/1833","targetHints":{"allow":["GET"]}}],"collection":[{"href":"https:\/\/www.moderneducation.eu\/index.php?rest_route=\/wp\/v2\/pages"}],"about":[{"href":"https:\/\/www.moderneducation.eu\/index.php?rest_route=\/wp\/v2\/types\/page"}],"author":[{"embeddable":true,"href":"https:\/\/www.moderneducation.eu\/index.php?rest_route=\/wp\/v2\/users\/1"}],"replies":[{"embeddable":true,"href":"https:\/\/www.moderneducation.eu\/index.php?rest_route=%2Fwp%2Fv2%2Fcomments&post=1833"}],"version-history":[{"count":2,"href":"https:\/\/www.moderneducation.eu\/index.php?rest_route=\/wp\/v2\/pages\/1833\/revisions"}],"predecessor-version":[{"id":1839,"href":"https:\/\/www.moderneducation.eu\/index.php?rest_route=\/wp\/v2\/pages\/1833\/revisions\/1839"}],"wp:attachment":[{"href":"https:\/\/www.moderneducation.eu\/index.php?rest_route=%2Fwp%2Fv2%2Fmedia&parent=1833"}],"curies":[{"name":"wp","href":"https:\/\/api.w.org\/{rel}","templated":true}]}}

Trzeci dzień wymiany

<div id="dslc-theme-content"><div id="dslc-theme-content-inner"><div dir="auto">Erasmus+ <span class="pq6dq46d tbxw36s4 knj5qynh kvgmc6g5 ditlmg2l oygrvhab nvdbi5me sf5mxxl7 gl3lb2sf hhz5lgdu"><img decoding="async" src="https://static.xx.fbcdn.net/images/emoji.php/v9/tdd/1/16/1f1ea_1f1fa.png" alt="🇪🇺" width="16" height="16"></span> Środa</div>
<div dir="auto">Cały dzisiejszy dzień spędziliśmy na wycieczce do San Vito. Zaczęło się od spotkania z Burmistrzem, który przyjął nas w reprezentacyjnym holu Urzędu Miasta i opowiedział o historii San Vito, które jak się okazało jest co roku gospodarzem Międzynarodowego Dnia Kuskusu <span class="pq6dq46d tbxw36s4 knj5qynh kvgmc6g5 ditlmg2l oygrvhab nvdbi5me sf5mxxl7 gl3lb2sf hhz5lgdu"><img decoding="async" src="https://static.xx.fbcdn.net/images/emoji.php/v9/td3/1/16/1f924.png" alt="🤤" width="16" height="16"></span>. Potem mieliśmy czas na plażę, a po plaży obiad: kuskus z kawałkiem ryby i sosem pomidorowym. Po obiedzie podzieliliśmy się na dwie grupy. Pierwsza została w miasteczku: kawa, lody, pamiątki; druga pojechała do najstarszego we Włoszech rezerwatu przyrody &#8211; Reserva Naturale dello Zingaro: treking, muzeum i dzika plaża. Wieczorem, po powrocie do bazy noclegowej, wyszliśmy jeszcze &#8222;na miasto&#8221;, czyli do pobliskiego Balestrate, które, jak się okazało, ma bardzo urokliwe centrum i marinę. No i te lody pistacjowe&#8230;</div>


<figure class="wp-block-image"><img fetchpriority="high" decoding="async" width="908" height="515" src="http://www.moderneducation.eu/wp-content/uploads/2022/06/285343782_5766153156733042_5935847451981126658_n.jpeg" alt="" class="wp-image-1835" srcset="https://www.moderneducation.eu/wp-content/uploads/2022/06/285343782_5766153156733042_5935847451981126658_n.jpeg 908w, https://www.moderneducation.eu/wp-content/uploads/2022/06/285343782_5766153156733042_5935847451981126658_n-300x170.jpeg 300w, https://www.moderneducation.eu/wp-content/uploads/2022/06/285343782_5766153156733042_5935847451981126658_n-768x436.jpeg 768w" sizes="(max-width: 908px) 100vw, 908px" /></figure>



<figure class="wp-block-image"><img loading="lazy" decoding="async" width="900" height="506" src="http://www.moderneducation.eu/wp-content/uploads/2022/06/285582206_5766153153399709_9197184228308739220_n.jpeg" alt="" class="wp-image-1836" srcset="https://www.moderneducation.eu/wp-content/uploads/2022/06/285582206_5766153153399709_9197184228308739220_n.jpeg 900w, https://www.moderneducation.eu/wp-content/uploads/2022/06/285582206_5766153153399709_9197184228308739220_n-300x169.jpeg 300w, https://www.moderneducation.eu/wp-content/uploads/2022/06/285582206_5766153153399709_9197184228308739220_n-768x432.jpeg 768w" sizes="(max-width: 900px) 100vw, 900px" /></figure>



<figure class="wp-block-image"><img loading="lazy" decoding="async" width="901" height="507" src="http://www.moderneducation.eu/wp-content/uploads/2022/06/285632660_5766153163399708_2409281993569632237_n.jpeg" alt="" class="wp-image-1837" srcset="https://www.moderneducation.eu/wp-content/uploads/2022/06/285632660_5766153163399708_2409281993569632237_n.jpeg 901w, https://www.moderneducation.eu/wp-content/uploads/2022/06/285632660_5766153163399708_2409281993569632237_n-300x169.jpeg 300w, https://www.moderneducation.eu/wp-content/uploads/2022/06/285632660_5766153163399708_2409281993569632237_n-768x432.jpeg 768w" sizes="(max-width: 901px) 100vw, 901px" /></figure>



<figure class="wp-block-image"><img loading="lazy" decoding="async" width="901" height="507" src="http://www.moderneducation.eu/wp-content/uploads/2022/06/285833329_5766153160066375_6067524041160146772_n.jpeg" alt="" class="wp-image-1838" srcset="https://www.moderneducation.eu/wp-content/uploads/2022/06/285833329_5766153160066375_6067524041160146772_n.jpeg 901w, https://www.moderneducation.eu/wp-content/uploads/2022/06/285833329_5766153160066375_6067524041160146772_n-300x169.jpeg 300w, https://www.moderneducation.eu/wp-content/uploads/2022/06/285833329_5766153160066375_6067524041160146772_n-768x432.jpeg 768w" sizes="(max-width: 901px) 100vw, 901px" /></figure>
</div></div>

<p>Erasmus+ Środa Cały dzisiejszy dzień spędziliśmy na wycieczce do San Vito. Zaczęło się od spotkania z Burmistrzem, który przyjął nas w reprezentacyjnym holu Urzędu Miasta i opowiedział o historii San Vito, które jak się okazało jest co roku gospodarzem Międzynarodowego <a href="https://www.moderneducation.eu/?page_id=1833" class="read-more">Read More &#8230;</a></p>
