{"id":1958,"date":"2022-07-06T11:54:28","date_gmt":"2022-07-06T09:54:28","guid":{"rendered":"http:\/\/www.moderneducation.eu\/?page_id=1958"},"modified":"2022-07-06T11:54:28","modified_gmt":"2022-07-06T09:54:28","slug":"opis-projektu","status":"publish","type":"page","link":"https:\/\/www.moderneducation.eu\/?page_id=1958","title":{"rendered":"Opis projektu"},"content":{"rendered":"<div id=\"dslc-theme-content\"><div id=\"dslc-theme-content-inner\"><p><b>Celem projektu DigiPedZgen jest rozw\u00f3j cyfrowy szk\u00f3\u0142 partnerskich, stworzenie strategii pedagogicznego rozwoju cyfrowego, zdobycie kompetencji cyfrowych przez kadr\u0119 pedagogiczn\u0105. Celem projektu jest umo\u017cliwienie uczniom dost\u0119pu do wysokiej jako\u015bci kszta\u0142cenia integracyjnego z wykorzystaniem cyfrowych, internetowych narz\u0119dzi i \u017ar\u00f3de\u0142. Czas trwania projektu: pa\u017adziernik 2021 &#8211; pa\u017adziernik 2023.\u00a0<\/b><\/p>\n<\/div><\/div>","protected":false},"excerpt":{"rendered":"<p>Celem projektu DigiPedZgen jest rozw\u00f3j cyfrowy szk\u00f3\u0142 partnerskich, stworzenie strategii pedagogicznego rozwoju cyfrowego, zdobycie kompetencji cyfrowych przez kadr\u0119 pedagogiczn\u0105. Celem projektu jest umo\u017cliwienie uczniom dost\u0119pu do wysokiej jako\u015bci kszta\u0142cenia integracyjnego z wykorzystaniem cyfrowych, internetowych narz\u0119dzi i \u017ar\u00f3de\u0142. Czas trwania projektu: <a href=\"https:\/\/www.moderneducation.eu\/?page_id=1958\" class=\"read-more\">Read More &#8230;<\/a><\/p>\n","protected":false},"author":1,"featured_media":0,"parent":0,"menu_order":0,"comment_status":"closed","ping_status":"closed","template":"","meta":{"footnotes":""},"class_list":["post-1958","page","type-page","status-publish","hentry"],"_links":{"self":[{"href":"https:\/\/www.moderneducation.eu\/index.php?rest_route=\/wp\/v2\/pages\/1958","targetHints":{"allow":["GET"]}}],"collection":[{"href":"https:\/\/www.moderneducation.eu\/index.php?rest_route=\/wp\/v2\/pages"}],"about":[{"href":"https:\/\/www.moderneducation.eu\/index.php?rest_route=\/wp\/v2\/types\/page"}],"author":[{"embeddable":true,"href":"https:\/\/www.moderneducation.eu\/index.php?rest_route=\/wp\/v2\/users\/1"}],"replies":[{"embeddable":true,"href":"https:\/\/www.moderneducation.eu\/index.php?rest_route=%2Fwp%2Fv2%2Fcomments&post=1958"}],"version-history":[{"count":1,"href":"https:\/\/www.moderneducation.eu\/index.php?rest_route=\/wp\/v2\/pages\/1958\/revisions"}],"predecessor-version":[{"id":1959,"href":"https:\/\/www.moderneducation.eu\/index.php?rest_route=\/wp\/v2\/pages\/1958\/revisions\/1959"}],"wp:attachment":[{"href":"https:\/\/www.moderneducation.eu\/index.php?rest_route=%2Fwp%2Fv2%2Fmedia&parent=1958"}],"curies":[{"name":"wp","href":"https:\/\/api.w.org\/{rel}","templated":true}]}}