{"id":2799,"date":"2023-11-19T22:04:00","date_gmt":"2023-11-19T21:04:00","guid":{"rendered":"https:\/\/www.moderneducation.eu\/?page_id=2799"},"modified":"2024-02-29T22:05:11","modified_gmt":"2024-02-29T21:05:11","slug":"wymiana-w-budapeszcie","status":"publish","type":"page","link":"https:\/\/www.moderneducation.eu\/?page_id=2799","title":{"rendered":"Wymiana w Budapeszcie"},"content":{"rendered":"<div id=\"dslc-theme-content\"><div id=\"dslc-theme-content-inner\"><p>Rozpoczynamy nasza kolejna wypraw\u0119 w ramach programu Erasmus +. Tym razem spotykamy si\u0119 w Budapeszcie wraz z naszymi partnerami z Ibizy. Z naszej szko\u0142y 6 uczni\u00f3w z klas 1 i 2 wraz z opiekunami dotar\u0142o dzisiaj do stolicy W\u0119gier <span class=\"x3nfvp2 x1j61x8r x1fcty0u xdj266r xhhsvwb xat24cr xgzva0m xxymvpz xlup9mm x1kky2od\"><img decoding=\"async\" class=\"xz74otr\" src=\"https:\/\/static.xx.fbcdn.net\/images\/emoji.php\/v9\/t7f\/2\/16\/1f1ed_1f1fa.png\" alt=\"\ud83c\udded\ud83c\uddfa\" width=\"16\" height=\"16\" \/><\/span> Dzisiaj czas na aklimatyzacj\u0119, rozejrzenie si\u0119 po mie\u015bcie i na\u0142adowanie baterii po m\u0119cz\u0105cej podr\u00f3\u017cy <span class=\"x3nfvp2 x1j61x8r x1fcty0u xdj266r xhhsvwb xat24cr xgzva0m xxymvpz xlup9mm x1kky2od\"><img decoding=\"async\" class=\"xz74otr\" src=\"https:\/\/static.xx.fbcdn.net\/images\/emoji.php\/v9\/tde\/2\/16\/26a1.png\" alt=\"\u26a1\ufe0f\" width=\"16\" height=\"16\" \/><\/span><\/p>\n<div id='gallery-1' class='gallery galleryid-2799 gallery-columns-3 gallery-size-medium'><figure class='gallery-item'>\n\t\t\t<div class='gallery-icon landscape'>\n\t\t\t\t<a href='https:\/\/www.moderneducation.eu\/?attachment_id=2800'><img fetchpriority=\"high\" decoding=\"async\" width=\"300\" height=\"225\" src=\"https:\/\/www.moderneducation.eu\/wp-content\/uploads\/2024\/02\/402246352_18212183515257496_373714155619642657_n-300x225.jpeg\" class=\"attachment-medium size-medium\" alt=\"\" srcset=\"https:\/\/www.moderneducation.eu\/wp-content\/uploads\/2024\/02\/402246352_18212183515257496_373714155619642657_n-300x225.jpeg 300w, https:\/\/www.moderneducation.eu\/wp-content\/uploads\/2024\/02\/402246352_18212183515257496_373714155619642657_n-1024x768.jpeg 1024w, https:\/\/www.moderneducation.eu\/wp-content\/uploads\/2024\/02\/402246352_18212183515257496_373714155619642657_n-768x576.jpeg 768w, https:\/\/www.moderneducation.eu\/wp-content\/uploads\/2024\/02\/402246352_18212183515257496_373714155619642657_n.jpeg 1200w\" sizes=\"(max-width: 300px) 100vw, 300px\" \/><\/a>\n\t\t\t<\/div><\/figure><figure class='gallery-item'>\n\t\t\t<div class='gallery-icon landscape'>\n\t\t\t\t<a href='https:\/\/www.moderneducation.eu\/?attachment_id=2801'><img loading=\"lazy\" decoding=\"async\" width=\"300\" height=\"225\" src=\"https:\/\/www.moderneducation.eu\/wp-content\/uploads\/2024\/02\/402310783_18212183512257496_7491288249173604569_n-300x225.jpeg\" class=\"attachment-medium size-medium\" alt=\"\" srcset=\"https:\/\/www.moderneducation.eu\/wp-content\/uploads\/2024\/02\/402310783_18212183512257496_7491288249173604569_n-300x225.jpeg 300w, https:\/\/www.moderneducation.eu\/wp-content\/uploads\/2024\/02\/402310783_18212183512257496_7491288249173604569_n-1024x768.jpeg 1024w, https:\/\/www.moderneducation.eu\/wp-content\/uploads\/2024\/02\/402310783_18212183512257496_7491288249173604569_n-768x576.jpeg 768w, https:\/\/www.moderneducation.eu\/wp-content\/uploads\/2024\/02\/402310783_18212183512257496_7491288249173604569_n.jpeg 1200w\" sizes=\"(max-width: 300px) 100vw, 300px\" \/><\/a>\n\t\t\t<\/div><\/figure><figure class='gallery-item'>\n\t\t\t<div class='gallery-icon landscape'>\n\t\t\t\t<a href='https:\/\/www.moderneducation.eu\/?attachment_id=2802'><img loading=\"lazy\" decoding=\"async\" width=\"300\" height=\"225\" src=\"https:\/\/www.moderneducation.eu\/wp-content\/uploads\/2024\/02\/402316573_18212183497257496_1808804872672139740_n-300x225.jpeg\" class=\"attachment-medium size-medium\" alt=\"\" srcset=\"https:\/\/www.moderneducation.eu\/wp-content\/uploads\/2024\/02\/402316573_18212183497257496_1808804872672139740_n-300x225.jpeg 300w, https:\/\/www.moderneducation.eu\/wp-content\/uploads\/2024\/02\/402316573_18212183497257496_1808804872672139740_n-1024x768.jpeg 1024w, https:\/\/www.moderneducation.eu\/wp-content\/uploads\/2024\/02\/402316573_18212183497257496_1808804872672139740_n-768x576.jpeg 768w, https:\/\/www.moderneducation.eu\/wp-content\/uploads\/2024\/02\/402316573_18212183497257496_1808804872672139740_n.jpeg 1200w\" sizes=\"(max-width: 300px) 100vw, 300px\" \/><\/a>\n\t\t\t<\/div><\/figure><figure class='gallery-item'>\n\t\t\t<div class='gallery-icon landscape'>\n\t\t\t\t<a href='https:\/\/www.moderneducation.eu\/?attachment_id=2803'><img loading=\"lazy\" decoding=\"async\" width=\"300\" height=\"225\" src=\"https:\/\/www.moderneducation.eu\/wp-content\/uploads\/2024\/02\/402324374_18212183488257496_3000972020906660398_n-300x225.jpeg\" class=\"attachment-medium size-medium\" alt=\"\" srcset=\"https:\/\/www.moderneducation.eu\/wp-content\/uploads\/2024\/02\/402324374_18212183488257496_3000972020906660398_n-300x225.jpeg 300w, https:\/\/www.moderneducation.eu\/wp-content\/uploads\/2024\/02\/402324374_18212183488257496_3000972020906660398_n-1024x768.jpeg 1024w, https:\/\/www.moderneducation.eu\/wp-content\/uploads\/2024\/02\/402324374_18212183488257496_3000972020906660398_n-768x576.jpeg 768w, https:\/\/www.moderneducation.eu\/wp-content\/uploads\/2024\/02\/402324374_18212183488257496_3000972020906660398_n.jpeg 1200w\" sizes=\"(max-width: 300px) 100vw, 300px\" \/><\/a>\n\t\t\t<\/div><\/figure><figure class='gallery-item'>\n\t\t\t<div class='gallery-icon landscape'>\n\t\t\t\t<a href='https:\/\/www.moderneducation.eu\/?attachment_id=2804'><img loading=\"lazy\" decoding=\"async\" width=\"300\" height=\"225\" src=\"https:\/\/www.moderneducation.eu\/wp-content\/uploads\/2024\/02\/402456294_18212183506257496_2943337172173946402_n-300x225.jpeg\" class=\"attachment-medium size-medium\" alt=\"\" srcset=\"https:\/\/www.moderneducation.eu\/wp-content\/uploads\/2024\/02\/402456294_18212183506257496_2943337172173946402_n-300x225.jpeg 300w, https:\/\/www.moderneducation.eu\/wp-content\/uploads\/2024\/02\/402456294_18212183506257496_2943337172173946402_n-1024x768.jpeg 1024w, https:\/\/www.moderneducation.eu\/wp-content\/uploads\/2024\/02\/402456294_18212183506257496_2943337172173946402_n-768x576.jpeg 768w, https:\/\/www.moderneducation.eu\/wp-content\/uploads\/2024\/02\/402456294_18212183506257496_2943337172173946402_n.jpeg 1200w\" sizes=\"(max-width: 300px) 100vw, 300px\" \/><\/a>\n\t\t\t<\/div><\/figure><figure class='gallery-item'>\n\t\t\t<div class='gallery-icon landscape'>\n\t\t\t\t<a href='https:\/\/www.moderneducation.eu\/?attachment_id=2805'><img loading=\"lazy\" decoding=\"async\" width=\"300\" height=\"225\" src=\"https:\/\/www.moderneducation.eu\/wp-content\/uploads\/2024\/02\/402575444_18212183509257496_2244890352177237489_n-300x225.jpeg\" class=\"attachment-medium size-medium\" alt=\"\" srcset=\"https:\/\/www.moderneducation.eu\/wp-content\/uploads\/2024\/02\/402575444_18212183509257496_2244890352177237489_n-300x225.jpeg 300w, https:\/\/www.moderneducation.eu\/wp-content\/uploads\/2024\/02\/402575444_18212183509257496_2244890352177237489_n-1024x768.jpeg 1024w, https:\/\/www.moderneducation.eu\/wp-content\/uploads\/2024\/02\/402575444_18212183509257496_2244890352177237489_n-768x576.jpeg 768w, https:\/\/www.moderneducation.eu\/wp-content\/uploads\/2024\/02\/402575444_18212183509257496_2244890352177237489_n.jpeg 1200w\" sizes=\"(max-width: 300px) 100vw, 300px\" \/><\/a>\n\t\t\t<\/div><\/figure><figure class='gallery-item'>\n\t\t\t<div class='gallery-icon landscape'>\n\t\t\t\t<a href='https:\/\/www.moderneducation.eu\/?attachment_id=2806'><img loading=\"lazy\" decoding=\"async\" width=\"300\" height=\"226\" src=\"https:\/\/www.moderneducation.eu\/wp-content\/uploads\/2024\/02\/402640710_18212183518257496_3574506509100921832_n-300x226.jpeg\" class=\"attachment-medium size-medium\" alt=\"\" srcset=\"https:\/\/www.moderneducation.eu\/wp-content\/uploads\/2024\/02\/402640710_18212183518257496_3574506509100921832_n-300x226.jpeg 300w, https:\/\/www.moderneducation.eu\/wp-content\/uploads\/2024\/02\/402640710_18212183518257496_3574506509100921832_n-1024x772.jpeg 1024w, https:\/\/www.moderneducation.eu\/wp-content\/uploads\/2024\/02\/402640710_18212183518257496_3574506509100921832_n-768x579.jpeg 768w, https:\/\/www.moderneducation.eu\/wp-content\/uploads\/2024\/02\/402640710_18212183518257496_3574506509100921832_n.jpeg 1205w\" sizes=\"(max-width: 300px) 100vw, 300px\" \/><\/a>\n\t\t\t<\/div><\/figure>\n\t\t<\/div>\n\n<\/div><\/div>","protected":false},"excerpt":{"rendered":"<p>Rozpoczynamy nasza kolejna wypraw\u0119 w ramach programu Erasmus +. Tym razem spotykamy si\u0119 w Budapeszcie wraz z naszymi partnerami z Ibizy. Z naszej szko\u0142y 6 uczni\u00f3w z klas 1 i 2 wraz z opiekunami dotar\u0142o dzisiaj do stolicy W\u0119gier Dzisiaj <a href=\"https:\/\/www.moderneducation.eu\/?page_id=2799\" class=\"read-more\">Read More &#8230;<\/a><\/p>\n","protected":false},"author":1,"featured_media":0,"parent":0,"menu_order":0,"comment_status":"closed","ping_status":"closed","template":"","meta":{"footnotes":""},"class_list":["post-2799","page","type-page","status-publish","hentry"],"_links":{"self":[{"href":"https:\/\/www.moderneducation.eu\/index.php?rest_route=\/wp\/v2\/pages\/2799","targetHints":{"allow":["GET"]}}],"collection":[{"href":"https:\/\/www.moderneducation.eu\/index.php?rest_route=\/wp\/v2\/pages"}],"about":[{"href":"https:\/\/www.moderneducation.eu\/index.php?rest_route=\/wp\/v2\/types\/page"}],"author":[{"embeddable":true,"href":"https:\/\/www.moderneducation.eu\/index.php?rest_route=\/wp\/v2\/users\/1"}],"replies":[{"embeddable":true,"href":"https:\/\/www.moderneducation.eu\/index.php?rest_route=%2Fwp%2Fv2%2Fcomments&post=2799"}],"version-history":[{"count":1,"href":"https:\/\/www.moderneducation.eu\/index.php?rest_route=\/wp\/v2\/pages\/2799\/revisions"}],"predecessor-version":[{"id":2807,"href":"https:\/\/www.moderneducation.eu\/index.php?rest_route=\/wp\/v2\/pages\/2799\/revisions\/2807"}],"wp:attachment":[{"href":"https:\/\/www.moderneducation.eu\/index.php?rest_route=%2Fwp%2Fv2%2Fmedia&parent=2799"}],"curies":[{"name":"wp","href":"https:\/\/api.w.org\/{rel}","templated":true}]}}