{"id":306,"date":"2016-12-05T20:13:36","date_gmt":"2016-12-05T19:13:36","guid":{"rendered":"http:\/\/www.moderneducation.eu\/?page_id=306"},"modified":"2017-10-17T18:09:59","modified_gmt":"2017-10-17T16:09:59","slug":"z-europa-na-ty-program-nauczania-i-ksiazka-interaktywna","status":"publish","type":"page","link":"https:\/\/www.moderneducation.eu\/?page_id=306","title":{"rendered":"Europe closer to you! Z Europ\u0105 na ty! &#8211; ksi\u0105\u017cka interaktywna"},"content":{"rendered":"<div id=\"dslc-theme-content\"><div id=\"dslc-theme-content-inner\"><p><strong>Celem interaktywnego podr\u0119cznika \u201eZ Europ\u0105 na Ty\u201d wraz z programem nauczania przedmiotu <em>edukacja europejska<\/em> jest umo\u017cliwienie uczniom, w nowatorskiej formie, przyswojenia zagadnie\u0144 dotycz\u0105cych historii integracji europejskiej, funkcjonowania i kompetencji organ\u00f3w Unii Europejskiej, a tak\u017ce korzy\u015bci p\u0142yn\u0105cych z cz\u0142onkostwa w UE. Najwi\u0119cej miejsca po\u015bwi\u0119cone zosta\u0142o dorobkowi kulturowemu pa\u0144stw Europy oraz ich specyfice gospodarczej, politycznej i geograficznej.<\/strong><\/p>\n<p>Podr\u0119cznik jest form\u0105 przewodnika po wspomnianych zagadnieniach, kt\u00f3re podane s\u0105 w formie najbardziej odpowiadaj\u0105cej wsp\u00f3\u0142czesnemu uczniowi. Utrwalenie tych tre\u015bci realizowane jest poprzez r\u00f3\u017cne formy interaktywnych quiz\u00f3w, gier, ankiet itp.<\/p>\n<p>Podr\u0119cznik powsta\u0142 dzi\u0119ki wsp\u00f3\u0142pracy nauczycieli naszej szko\u0142y z partnerami z W\u0142och, Rumunii i Turcji, bior\u0105cymi udzia\u0142 w projekcie Erasmus+. Partnerzy zagraniczni opracowali materia\u0142y dotycz\u0105ce region\u00f3w Europy oraz inicjatyw europejskich w ich krajach, co pozwoli\u0142o na szersze i bardziej obiektywne spojrzenie na Europ\u0119.<\/p>\n<p>Przygotowanie podr\u0119cznika w formie interaktywnej (w postaci pliku ePub) oraz udost\u0119pnienie go uczniom, nauczycielom, szko\u0142om i innym zainteresowanym instytucjom pozwoli na jego szerokie wykorzystanie przez zr\u00f3\u017cnicowane grono odbiorc\u00f3w.<\/p>\n<p>&nbsp;<\/p>\n<p>Podr\u0119cznik interaktywny Z Europ\u0105 na ty!<\/p>\n<p>wersja polska\u00a0<a href=\"https:\/\/drive.google.com\/open?id=0B9X7AzwTJJegdzRvV0NLQ2ZRbzg\">https:\/\/drive.google.com\/open?id=0B9X7AzwTJJegdzRvV0NLQ2ZRbzg<\/a><\/p>\n<p>wersja angielska\u00a0<a href=\"https:\/\/drive.google.com\/open?id=0B9X7AzwTJJegRXFrSEFJVVlCMm8\">https:\/\/drive.google.com\/open?id=0B9X7AzwTJJegRXFrSEFJVVlCMm8<\/a><\/p>\n<p>&nbsp;<\/p>\n<p style=\"text-align: center;\"><strong>Materia\u0142y autorstwa partnera z W\u0142och<\/strong><\/p>\n<p><a href=\"https:\/\/drive.google.com\/drive\/folders\/0B3eEDTgThZN3cEdjUmk0bXN4clE?usp=sharing\">https:\/\/drive.google.com\/drive\/folders\/0B3eEDTgThZN3cEdjUmk0bXN4clE?usp=sharing<\/a><\/p>\n<p style=\"text-align: center;\"><strong>Materia\u0142y autorstwa partnera z Rumunii<\/strong><\/p>\n<p><a href=\"https:\/\/drive.google.com\/open?id=0B-0WKB3WY_5fdUx4LXY1TklobFk\">https:\/\/drive.google.com\/open?id=0B-0WKB3WY_5fdUx4LXY1TklobFk<\/a><\/p>\n<p style=\"text-align: center;\"><strong>Materia\u0142y autorstwa partnera z Turcji<\/strong><\/p>\n<p><a href=\"https:\/\/drive.google.com\/open?id=0Bw4cuttJTuirdGFoZHlfd1BObVE\">https:\/\/drive.google.com\/open?id=0Bw4cuttJTuirdGFoZHlfd1BObVE<\/a><\/p>\n<\/div><\/div>","protected":false},"excerpt":{"rendered":"<p>Celem interaktywnego podr\u0119cznika \u201eZ Europ\u0105 na Ty\u201d wraz z programem nauczania przedmiotu edukacja europejska jest umo\u017cliwienie uczniom, w nowatorskiej formie, przyswojenia zagadnie\u0144 dotycz\u0105cych historii integracji europejskiej, funkcjonowania i kompetencji organ\u00f3w Unii Europejskiej, a tak\u017ce korzy\u015bci p\u0142yn\u0105cych z cz\u0142onkostwa w UE. <a href=\"https:\/\/www.moderneducation.eu\/?page_id=306\" class=\"read-more\">Read More &#8230;<\/a><\/p>\n","protected":false},"author":1,"featured_media":0,"parent":144,"menu_order":0,"comment_status":"closed","ping_status":"closed","template":"","meta":{"footnotes":""},"class_list":["post-306","page","type-page","status-publish","hentry"],"_links":{"self":[{"href":"https:\/\/www.moderneducation.eu\/index.php?rest_route=\/wp\/v2\/pages\/306","targetHints":{"allow":["GET"]}}],"collection":[{"href":"https:\/\/www.moderneducation.eu\/index.php?rest_route=\/wp\/v2\/pages"}],"about":[{"href":"https:\/\/www.moderneducation.eu\/index.php?rest_route=\/wp\/v2\/types\/page"}],"author":[{"embeddable":true,"href":"https:\/\/www.moderneducation.eu\/index.php?rest_route=\/wp\/v2\/users\/1"}],"replies":[{"embeddable":true,"href":"https:\/\/www.moderneducation.eu\/index.php?rest_route=%2Fwp%2Fv2%2Fcomments&post=306"}],"version-history":[{"count":7,"href":"https:\/\/www.moderneducation.eu\/index.php?rest_route=\/wp\/v2\/pages\/306\/revisions"}],"predecessor-version":[{"id":470,"href":"https:\/\/www.moderneducation.eu\/index.php?rest_route=\/wp\/v2\/pages\/306\/revisions\/470"}],"up":[{"embeddable":true,"href":"https:\/\/www.moderneducation.eu\/index.php?rest_route=\/wp\/v2\/pages\/144"}],"wp:attachment":[{"href":"https:\/\/www.moderneducation.eu\/index.php?rest_route=%2Fwp%2Fv2%2Fmedia&parent=306"}],"curies":[{"name":"wp","href":"https:\/\/api.w.org\/{rel}","templated":true}]}}