{"id":975,"date":"2020-08-22T16:03:47","date_gmt":"2020-08-22T14:03:47","guid":{"rendered":"http:\/\/www.moderneducation.eu\/?page_id=975"},"modified":"2020-08-22T16:18:37","modified_gmt":"2020-08-22T14:18:37","slug":"rumunia-liceul-regina-maria","status":"publish","type":"page","link":"https:\/\/www.moderneducation.eu\/?page_id=975","title":{"rendered":"Rumunia &#8211; Liceul Regina Maria"},"content":{"rendered":"<div id=\"dslc-theme-content\"><div id=\"dslc-theme-content-inner\"><p><b>Liceul Regina Maria <\/b><span style=\"font-weight: 400;\">to liceum, w kt\u00f3rym nauczanie skupia si\u0119 wok\u00f3\u0142 dw\u00f3ch wiod\u0105cych kierunk\u00f3w: kierunek humanistyczny (filologia, nauki spo\u0142eczne) oraz techniczny (informatyka,\u00a0 elektromechanika, ekonomia, handel, us\u0142ugi, medycyna estetyczna). Do szko\u0142y ucz\u0119szcza oko\u0142o 980 uczni\u00f3w. Plac\u00f3wka jest zlokalizowana w p\u00f3\u0142nocno-wschodnim rejonie Rumunii i jest uwa\u017cana za najbiedniejszy region Europy. Dorohoi jest usytuowanie na granicy z Ukrain\u0105. 50% uczni\u00f3w tej szko\u0142y pochodzi z biednych teren\u00f3w wiejskich, co sprawia, \u017ce ci\u0119\u017cko im utrzyma\u0107 si\u0119 w szkole \u015bredniej. Wczesne ko\u0144czenie edukacji to jeden z najwi\u0119kszych problem\u00f3w w\u015br\u00f3d m\u0142odzie\u017cy w tym regionie. Rodziny uczni\u00f3w zmagaj\u0105 si\u0119 tak\u017ce z problemami bezrobocia, wiele ma do\u015bwiadczenia migracyjne. W szkole pracuje 55 nauczycieli, \u015bredni wiek nauczyciela to 41 lat, co czyni kadr\u0119 tej szko\u0142y stosunkowo m\u0142od\u0105 i zaanga\u017cowan\u0105 we wszelkie dzia\u0142ania maj\u0105ce na celu podnie\u015b\u0107 poziom kszta\u0142cenia, motywacji uczni\u00f3w i innowacyjno\u015bci. Szko\u0142a zosta\u0142a odznaczona tytu\u0142em &#8222;European School&#8221; w 2014 roku za wyj\u0105tkowe osi\u0105gni\u0119cia w pracy na rzecz rozwoju i promocji idei Europejskiej wsp\u00f3\u0142pracy. <\/span><\/p>\n<p><img fetchpriority=\"high\" decoding=\"async\" class=\"aligncenter size-full wp-image-995\" src=\"http:\/\/www.moderneducation.eu\/wp-content\/uploads\/2020\/08\/flaga-rumunii.png\" alt=\"\" width=\"275\" height=\"183\" srcset=\"https:\/\/www.moderneducation.eu\/wp-content\/uploads\/2020\/08\/flaga-rumunii.png 275w, https:\/\/www.moderneducation.eu\/wp-content\/uploads\/2020\/08\/flaga-rumunii-100x67.png 100w, https:\/\/www.moderneducation.eu\/wp-content\/uploads\/2020\/08\/flaga-rumunii-150x100.png 150w, https:\/\/www.moderneducation.eu\/wp-content\/uploads\/2020\/08\/flaga-rumunii-200x133.png 200w\" sizes=\"(max-width: 275px) 100vw, 275px\" \/><\/p>\n<\/div><\/div>","protected":false},"excerpt":{"rendered":"<p>Liceul Regina Maria to liceum, w kt\u00f3rym nauczanie skupia si\u0119 wok\u00f3\u0142 dw\u00f3ch wiod\u0105cych kierunk\u00f3w: kierunek humanistyczny (filologia, nauki spo\u0142eczne) oraz techniczny (informatyka,\u00a0 elektromechanika, ekonomia, handel, us\u0142ugi, medycyna estetyczna). Do szko\u0142y ucz\u0119szcza oko\u0142o 980 uczni\u00f3w. Plac\u00f3wka jest zlokalizowana w p\u00f3\u0142nocno-wschodnim rejonie <a href=\"https:\/\/www.moderneducation.eu\/?page_id=975\" class=\"read-more\">Read More &#8230;<\/a><\/p>\n","protected":false},"author":1,"featured_media":0,"parent":0,"menu_order":0,"comment_status":"closed","ping_status":"closed","template":"","meta":{"footnotes":""},"class_list":["post-975","page","type-page","status-publish","hentry"],"_links":{"self":[{"href":"https:\/\/www.moderneducation.eu\/index.php?rest_route=\/wp\/v2\/pages\/975","targetHints":{"allow":["GET"]}}],"collection":[{"href":"https:\/\/www.moderneducation.eu\/index.php?rest_route=\/wp\/v2\/pages"}],"about":[{"href":"https:\/\/www.moderneducation.eu\/index.php?rest_route=\/wp\/v2\/types\/page"}],"author":[{"embeddable":true,"href":"https:\/\/www.moderneducation.eu\/index.php?rest_route=\/wp\/v2\/users\/1"}],"replies":[{"embeddable":true,"href":"https:\/\/www.moderneducation.eu\/index.php?rest_route=%2Fwp%2Fv2%2Fcomments&post=975"}],"version-history":[{"count":2,"href":"https:\/\/www.moderneducation.eu\/index.php?rest_route=\/wp\/v2\/pages\/975\/revisions"}],"predecessor-version":[{"id":996,"href":"https:\/\/www.moderneducation.eu\/index.php?rest_route=\/wp\/v2\/pages\/975\/revisions\/996"}],"wp:attachment":[{"href":"https:\/\/www.moderneducation.eu\/index.php?rest_route=%2Fwp%2Fv2%2Fmedia&parent=975"}],"curies":[{"name":"wp","href":"https:\/\/api.w.org\/{rel}","templated":true}]}}