{"id":979,"date":"2020-08-22T16:09:44","date_gmt":"2020-08-22T14:09:44","guid":{"rendered":"http:\/\/www.moderneducation.eu\/?page_id=979"},"modified":"2020-08-23T21:02:06","modified_gmt":"2020-08-23T19:02:06","slug":"czechy-obchodni-akademie-a-jazykova-skola-s-pravem-statni-jazykove-zkousky","status":"publish","type":"page","link":"https:\/\/www.moderneducation.eu\/?page_id=979","title":{"rendered":"Czechy &#8211; Obchodn\u00ed akademie a Jazykov\u00e1 \u0161kola s pr\u00e1vem st\u00e1tn\u00ed jazykov\u00e9 zkou\u0161ky"},"content":{"rendered":"<div id=\"dslc-theme-content\"><div id=\"dslc-theme-content-inner\"><p><b>Obchodn\u00ed akademie a Jazykov\u00e1 \u0161kola s pr\u00e1vem st\u00e1tn\u00ed jazykov\u00e9 zkou\u0161ky<\/b><span style=\"font-weight: 400;\"> &#8211; szko\u0142a oferuje edukacj\u0119 og\u00f3ln\u0105 i o profilu ekonomicznym \u00a0uczniom w wieku od 15 do 19 lat. Plac\u00f3wka jest usytuowana na po\u0142udniu regionu Bohemia i liczy 240 uczni\u00f3w oraz 24 nauczycieli. W szkole du\u017cy nacisk k\u0142adzie si\u0119 na nauk\u0119 j\u0119zyk\u00f3w obcych i umiej\u0119tno\u015bci komunikacyjno-informacyjne. Uczniowie pochodz\u0105 z r\u00f3\u017cnych \u015brodowisk, jednak wi\u0119kszo\u015b\u0107 z nich doje\u017cd\u017ca do szko\u0142y z okolicznych wiosek. W szkole ucz\u0105 si\u0119 tak\u017ce obcokrajowcy z takich kraj\u00f3w jak: Ukraina, Wietnam, Mo\u0142dawia, Rumunia. W szkole naucza si\u0119 obowi\u0105zkowo j\u0119zyka angielskiego i niemieckiego. Poza tym, do najcz\u0119\u015bciej wybieranych przedmiot\u00f3w nale\u017c\u0105: ekonomia, ksi\u0119gowo\u015b\u0107, technologie informacyjne i przedmioty \u015bcis\u0142e. Szko\u0142a specjalizuje si\u0119 w zak\u0142adaniu fikcyjnych firm, w kt\u00f3rych dzia\u0142aj\u0105 uczniowie, co pozwala im na zdobycie umiej\u0119tno\u015bci zwi\u0105zanych z przedsi\u0119biorczo\u015bci\u0105 i nauczy\u0107 si\u0119 w praktyce jak dzia\u0142a firma.\u00a0<img decoding=\"async\" class=\"aligncenter size-full wp-image-989\" src=\"http:\/\/www.moderneducation.eu\/wp-content\/uploads\/2020\/08\/Czechy-flaga.png\" alt=\"\" width=\"240\" height=\"160\" srcset=\"https:\/\/www.moderneducation.eu\/wp-content\/uploads\/2020\/08\/Czechy-flaga.png 240w, https:\/\/www.moderneducation.eu\/wp-content\/uploads\/2020\/08\/Czechy-flaga-100x67.png 100w, https:\/\/www.moderneducation.eu\/wp-content\/uploads\/2020\/08\/Czechy-flaga-150x100.png 150w, https:\/\/www.moderneducation.eu\/wp-content\/uploads\/2020\/08\/Czechy-flaga-200x133.png 200w\" sizes=\"(max-width: 240px) 100vw, 240px\" \/><\/span><\/p>\n<\/div><\/div>","protected":false},"excerpt":{"rendered":"<p>Obchodn\u00ed akademie a Jazykov\u00e1 \u0161kola s pr\u00e1vem st\u00e1tn\u00ed jazykov\u00e9 zkou\u0161ky &#8211; szko\u0142a oferuje edukacj\u0119 og\u00f3ln\u0105 i o profilu ekonomicznym \u00a0uczniom w wieku od 15 do 19 lat. Plac\u00f3wka jest usytuowana na po\u0142udniu regionu Bohemia i liczy 240 uczni\u00f3w oraz 24 <a href=\"https:\/\/www.moderneducation.eu\/?page_id=979\" class=\"read-more\">Read More &#8230;<\/a><\/p>\n","protected":false},"author":1,"featured_media":0,"parent":0,"menu_order":0,"comment_status":"closed","ping_status":"closed","template":"","meta":{"footnotes":""},"class_list":["post-979","page","type-page","status-publish","hentry"],"_links":{"self":[{"href":"https:\/\/www.moderneducation.eu\/index.php?rest_route=\/wp\/v2\/pages\/979","targetHints":{"allow":["GET"]}}],"collection":[{"href":"https:\/\/www.moderneducation.eu\/index.php?rest_route=\/wp\/v2\/pages"}],"about":[{"href":"https:\/\/www.moderneducation.eu\/index.php?rest_route=\/wp\/v2\/types\/page"}],"author":[{"embeddable":true,"href":"https:\/\/www.moderneducation.eu\/index.php?rest_route=\/wp\/v2\/users\/1"}],"replies":[{"embeddable":true,"href":"https:\/\/www.moderneducation.eu\/index.php?rest_route=%2Fwp%2Fv2%2Fcomments&post=979"}],"version-history":[{"count":4,"href":"https:\/\/www.moderneducation.eu\/index.php?rest_route=\/wp\/v2\/pages\/979\/revisions"}],"predecessor-version":[{"id":1007,"href":"https:\/\/www.moderneducation.eu\/index.php?rest_route=\/wp\/v2\/pages\/979\/revisions\/1007"}],"wp:attachment":[{"href":"https:\/\/www.moderneducation.eu\/index.php?rest_route=%2Fwp%2Fv2%2Fmedia&parent=979"}],"curies":[{"name":"wp","href":"https:\/\/api.w.org\/{rel}","templated":true}]}}