{"id":981,"date":"2020-08-22T16:10:08","date_gmt":"2020-08-22T14:10:08","guid":{"rendered":"http:\/\/www.moderneducation.eu\/?page_id=981"},"modified":"2020-08-22T16:19:49","modified_gmt":"2020-08-22T14:19:49","slug":"turcja-denizli-high-school","status":"publish","type":"page","link":"https:\/\/www.moderneducation.eu\/?page_id=981","title":{"rendered":"Turcja &#8211; Denizli High School"},"content":{"rendered":"<div id=\"dslc-theme-content\"><div id=\"dslc-theme-content-inner\"><p><b>Denizli High School<\/b><span style=\"font-weight: 400;\"> jest najstarsz\u0105 szko\u0142\u0105 \u015bredni\u0105 w Denizli z 1580 uczniami i 90 nauczycielami. Szko\u0142a nie specjalizuje si\u0119 w kszta\u0142ceniu w \u017cadnym konkretnym kierunku. Oferuje og\u00f3ln\u0105 edukacj\u0119 przygotowuj\u0105c\u0105 do egzaminu pa\u0144stwowego, daj\u0105cego mo\u017cliwo\u015b\u0107 wyboru studi\u00f3w na dowolnie wybranym kierunku.\u00a0 Do szko\u0142y ucz\u0119szcza oko\u0142o 40 emigrant\u00f3w.\u00a0 Niekt\u00f3rzy uczniowie nie maj\u0105 dostatecznych \u015brodk\u00f3w do \u017cycia z powodu bezrobocia swoich rodzic\u00f3w. Nap\u0142yw emigrant\u00f3w przyczynia si\u0119 do pogarszania si\u0119 standard\u00f3w \u017cycia tubylc\u00f3w. Denizli to region s\u0142yn\u0105cy z fabryk zajmuj\u0105cych si\u0119 produkcj\u0105 r\u00f3\u017cnych wyrob\u00f3w od tekstyli\u00f3w do marmuru. Taka post\u0119puj\u0105ca industrializacja regionu przyczynia si\u0119 do zanieczyszczenia \u015brodowiska. Innym pal\u0105cym problemem s\u0105 kopalnie z\u0142ota i powszechne stosowanie cyjanku do ekstrakcji tego kruszca. Denizli jest miastem bardzo zaludnionym, z intensywnym ruchem ulicznym, co pogarsza dodatkowo jako\u015b\u0107 powietrza.\u00a0<\/span><\/p>\n<p><img fetchpriority=\"high\" decoding=\"async\" class=\"aligncenter size-full wp-image-997\" src=\"http:\/\/www.moderneducation.eu\/wp-content\/uploads\/2020\/08\/flaga-turcji.png\" alt=\"\" width=\"275\" height=\"183\" srcset=\"https:\/\/www.moderneducation.eu\/wp-content\/uploads\/2020\/08\/flaga-turcji.png 275w, https:\/\/www.moderneducation.eu\/wp-content\/uploads\/2020\/08\/flaga-turcji-100x67.png 100w, https:\/\/www.moderneducation.eu\/wp-content\/uploads\/2020\/08\/flaga-turcji-150x100.png 150w, https:\/\/www.moderneducation.eu\/wp-content\/uploads\/2020\/08\/flaga-turcji-200x133.png 200w\" sizes=\"(max-width: 275px) 100vw, 275px\" \/><\/p>\n<\/div><\/div>","protected":false},"excerpt":{"rendered":"<p>Denizli High School jest najstarsz\u0105 szko\u0142\u0105 \u015bredni\u0105 w Denizli z 1580 uczniami i 90 nauczycielami. Szko\u0142a nie specjalizuje si\u0119 w kszta\u0142ceniu w \u017cadnym konkretnym kierunku. Oferuje og\u00f3ln\u0105 edukacj\u0119 przygotowuj\u0105c\u0105 do egzaminu pa\u0144stwowego, daj\u0105cego mo\u017cliwo\u015b\u0107 wyboru studi\u00f3w na dowolnie wybranym kierunku.\u00a0 <a href=\"https:\/\/www.moderneducation.eu\/?page_id=981\" class=\"read-more\">Read More &#8230;<\/a><\/p>\n","protected":false},"author":1,"featured_media":0,"parent":0,"menu_order":0,"comment_status":"closed","ping_status":"closed","template":"","meta":{"footnotes":""},"class_list":["post-981","page","type-page","status-publish","hentry"],"_links":{"self":[{"href":"https:\/\/www.moderneducation.eu\/index.php?rest_route=\/wp\/v2\/pages\/981","targetHints":{"allow":["GET"]}}],"collection":[{"href":"https:\/\/www.moderneducation.eu\/index.php?rest_route=\/wp\/v2\/pages"}],"about":[{"href":"https:\/\/www.moderneducation.eu\/index.php?rest_route=\/wp\/v2\/types\/page"}],"author":[{"embeddable":true,"href":"https:\/\/www.moderneducation.eu\/index.php?rest_route=\/wp\/v2\/users\/1"}],"replies":[{"embeddable":true,"href":"https:\/\/www.moderneducation.eu\/index.php?rest_route=%2Fwp%2Fv2%2Fcomments&post=981"}],"version-history":[{"count":2,"href":"https:\/\/www.moderneducation.eu\/index.php?rest_route=\/wp\/v2\/pages\/981\/revisions"}],"predecessor-version":[{"id":998,"href":"https:\/\/www.moderneducation.eu\/index.php?rest_route=\/wp\/v2\/pages\/981\/revisions\/998"}],"wp:attachment":[{"href":"https:\/\/www.moderneducation.eu\/index.php?rest_route=%2Fwp%2Fv2%2Fmedia&parent=981"}],"curies":[{"name":"wp","href":"https:\/\/api.w.org\/{rel}","templated":true}]}}